Last updated on 2024-07-22 14:59:22 CEST.
Flavor | Version | Tinstall | Tcheck | Ttotal | Status | Flags |
---|---|---|---|---|---|---|
r-devel-linux-x86_64-debian-clang | 1.0.0 | 6.38 | 59.82 | 66.20 | NOTE | |
r-devel-linux-x86_64-debian-gcc | 1.0.0 | 4.61 | 45.76 | 50.37 | NOTE | |
r-devel-linux-x86_64-fedora-clang | 1.0.0 | 86.47 | NOTE | |||
r-devel-linux-x86_64-fedora-gcc | 1.0.0 | 97.47 | NOTE | |||
r-devel-windows-x86_64 | 1.0.0 | 7.00 | 66.00 | 73.00 | NOTE | |
r-patched-linux-x86_64 | 1.0.0 | 4.06 | 55.79 | 59.85 | NOTE | |
r-release-linux-x86_64 | 1.0.0 | 5.63 | 59.52 | 65.15 | NOTE | |
r-release-macos-arm64 | 1.0.0 | 35.00 | NOTE | |||
r-release-macos-x86_64 | 1.0.0 | 55.00 | NOTE | |||
r-release-windows-x86_64 | 1.0.0 | 7.00 | 65.00 | 72.00 | NOTE | |
r-oldrel-macos-arm64 | 1.0.0 | 35.00 | NOTE | |||
r-oldrel-macos-x86_64 | 1.0.0 | 53.00 | NOTE | |||
r-oldrel-windows-x86_64 | 1.0.0 | 9.00 | 73.00 | 82.00 | NOTE |
Version: 1.0.0
Check: LazyData
Result: NOTE
'LazyData' is specified without a 'data' directory
Flavors: r-devel-linux-x86_64-debian-clang, r-devel-linux-x86_64-debian-gcc, r-devel-linux-x86_64-fedora-clang, r-devel-linux-x86_64-fedora-gcc, r-devel-windows-x86_64, r-patched-linux-x86_64, r-release-linux-x86_64, r-release-macos-arm64, r-release-macos-x86_64, r-release-windows-x86_64, r-oldrel-macos-arm64, r-oldrel-macos-x86_64, r-oldrel-windows-x86_64