Last updated on 2024-07-22 14:59:23 CEST.
Flavor | Version | Tinstall | Tcheck | Ttotal | Status | Flags |
---|---|---|---|---|---|---|
r-devel-linux-x86_64-debian-clang | 0.2.0 | 6.59 | 129.63 | 136.22 | NOTE | |
r-devel-linux-x86_64-debian-gcc | 0.2.0 | 5.07 | 97.11 | 102.18 | NOTE | |
r-devel-linux-x86_64-fedora-clang | 0.2.0 | 178.41 | NOTE | |||
r-devel-linux-x86_64-fedora-gcc | 0.2.0 | 173.88 | NOTE | |||
r-devel-windows-x86_64 | 0.2.0 | 6.00 | 113.00 | 119.00 | NOTE | |
r-patched-linux-x86_64 | 0.2.0 | 5.98 | 126.98 | 132.96 | NOTE | |
r-release-linux-x86_64 | 0.2.0 | 5.36 | 128.61 | 133.97 | NOTE | |
r-release-macos-arm64 | 0.2.0 | 53.00 | NOTE | |||
r-release-macos-x86_64 | 0.2.0 | 86.00 | NOTE | |||
r-release-windows-x86_64 | 0.2.0 | 7.00 | 115.00 | 122.00 | NOTE | |
r-oldrel-macos-arm64 | 0.2.0 | 52.00 | NOTE | |||
r-oldrel-macos-x86_64 | 0.2.0 | 100.00 | NOTE | |||
r-oldrel-windows-x86_64 | 0.2.0 | 6.00 | 131.00 | 137.00 | NOTE |
Version: 0.2.0
Check: LazyData
Result: NOTE
'LazyData' is specified without a 'data' directory
Flavors: r-devel-linux-x86_64-debian-clang, r-devel-linux-x86_64-debian-gcc, r-devel-linux-x86_64-fedora-clang, r-devel-linux-x86_64-fedora-gcc, r-devel-windows-x86_64, r-patched-linux-x86_64, r-release-linux-x86_64, r-release-macos-arm64, r-release-macos-x86_64, r-release-windows-x86_64, r-oldrel-macos-arm64, r-oldrel-macos-x86_64, r-oldrel-windows-x86_64