Last updated on 2024-07-22 14:59:23 CEST.
Flavor | Version | Tinstall | Tcheck | Ttotal | Status | Flags |
---|---|---|---|---|---|---|
r-devel-linux-x86_64-debian-clang | 0.5.0 | 16.40 | 195.29 | 211.69 | OK | |
r-devel-linux-x86_64-debian-gcc | 0.5.0 | 13.39 | 143.66 | 157.05 | NOTE | |
r-devel-linux-x86_64-fedora-clang | 0.5.0 | 260.26 | NOTE | |||
r-devel-linux-x86_64-fedora-gcc | 0.5.0 | 243.71 | NOTE | |||
r-devel-windows-x86_64 | 0.5.0 | 16.00 | 148.00 | 164.00 | NOTE | |
r-patched-linux-x86_64 | 0.5.0 | 22.07 | 181.52 | 203.59 | OK | |
r-release-linux-x86_64 | 0.5.0 | 12.19 | 184.02 | 196.21 | OK | |
r-release-macos-arm64 | 0.5.0 | 72.00 | OK | |||
r-release-macos-x86_64 | 0.5.0 | 103.00 | OK | |||
r-release-windows-x86_64 | 0.5.0 | 16.00 | 152.00 | 168.00 | OK | |
r-oldrel-macos-arm64 | 0.5.0 | 73.00 | OK | |||
r-oldrel-macos-x86_64 | 0.5.0 | 120.00 | OK | |||
r-oldrel-windows-x86_64 | 0.5.0 | 22.00 | 194.00 | 216.00 | OK |
Version: 0.5.0
Check: Rd cross-references
Result: NOTE
Found the following Rd file(s) with Rd \link{} targets missing package
anchors:
bubbleplot.Rd: scale_colour_gradient2
Please provide package anchors for all Rd \link{} targets not in the
package itself and the base packages.
Flavors: r-devel-linux-x86_64-debian-gcc, r-devel-windows-x86_64
Version: 0.5.0
Check: package dependencies
Result: NOTE
Imports includes 25 non-default packages.
Importing from so many packages makes the package vulnerable to any of
them becoming unavailable. Move as many as possible to Suggests and
use conditionally.
Flavor: r-devel-linux-x86_64-fedora-clang
Version: 0.5.0
Check: dependencies in R code
Result: NOTE
Namespaces in Imports field not imported from:
‘circlize’ ‘hexbin’ ‘scales’ ‘sna’
All declared Imports should be used.
Flavors: r-devel-linux-x86_64-fedora-clang, r-devel-linux-x86_64-fedora-gcc