Last updated on 2024-07-22 14:59:23 CEST.
Flavor | Version | Tinstall | Tcheck | Ttotal | Status | Flags |
---|---|---|---|---|---|---|
r-devel-linux-x86_64-debian-clang | 0.1.19 | 52.07 | 87.15 | 139.22 | NOTE | |
r-devel-linux-x86_64-debian-gcc | 0.1.19 | 32.47 | 65.14 | 97.61 | NOTE | |
r-devel-linux-x86_64-fedora-clang | 0.1.19 | 204.78 | NOTE | |||
r-devel-linux-x86_64-fedora-gcc | 0.1.19 | 175.63 | NOTE | |||
r-devel-windows-x86_64 | 0.1.19 | 42.00 | 101.00 | 143.00 | NOTE | |
r-patched-linux-x86_64 | 0.1.19 | 53.41 | 82.34 | 135.75 | NOTE | |
r-release-linux-x86_64 | 0.1.19 | 43.20 | 82.93 | 126.13 | NOTE | |
r-release-macos-arm64 | 0.1.19 | 50.00 | NOTE | |||
r-release-macos-x86_64 | 0.1.19 | 90.00 | NOTE | |||
r-release-windows-x86_64 | 0.1.19 | 51.00 | 100.00 | 151.00 | NOTE | |
r-oldrel-macos-arm64 | 0.1.19 | 59.00 | NOTE | |||
r-oldrel-macos-x86_64 | 0.1.19 | 95.00 | NOTE | |||
r-oldrel-windows-x86_64 | 0.1.19 | 64.00 | 118.00 | 182.00 | NOTE |
Version: 0.1.19
Check: LazyData
Result: NOTE
'LazyData' is specified without a 'data' directory
Flavors: r-devel-linux-x86_64-debian-clang, r-devel-linux-x86_64-debian-gcc, r-devel-linux-x86_64-fedora-clang, r-devel-linux-x86_64-fedora-gcc, r-devel-windows-x86_64, r-patched-linux-x86_64, r-release-linux-x86_64, r-release-macos-arm64, r-release-macos-x86_64, r-release-windows-x86_64, r-oldrel-macos-arm64, r-oldrel-macos-x86_64, r-oldrel-windows-x86_64
Version: 0.1.19
Check: dependencies in R code
Result: NOTE
Namespaces in Imports field not imported from:
‘MASS’ ‘MatrixModels’
All declared Imports should be used.
Flavors: r-devel-linux-x86_64-fedora-clang, r-devel-linux-x86_64-fedora-gcc