Last updated on 2024-07-22 14:59:26 CEST.
Flavor | Version | Tinstall | Tcheck | Ttotal | Status | Flags |
---|---|---|---|---|---|---|
r-devel-linux-x86_64-debian-clang | 0.1.4 | 72.83 | 603.34 | 676.17 | OK | |
r-devel-linux-x86_64-debian-gcc | 0.1.4 | 52.25 | 445.81 | 498.06 | OK | |
r-devel-linux-x86_64-fedora-clang | 0.1.4 | 892.59 | OK | |||
r-devel-linux-x86_64-fedora-gcc | 0.1.4 | 836.80 | OK | |||
r-devel-windows-x86_64 | 0.1.4 | 62.00 | 396.00 | 458.00 | OK | |
r-patched-linux-x86_64 | 0.1.4 | 60.54 | 556.77 | 617.31 | OK | |
r-release-linux-x86_64 | 0.1.4 | 50.39 | 565.66 | 616.05 | OK | |
r-release-macos-arm64 | 0.1.4 | 218.00 | NOTE | |||
r-release-macos-x86_64 | 0.1.4 | 331.00 | NOTE | |||
r-release-windows-x86_64 | 0.1.4 | 15.00 | 5.00 | 20.00 | ERROR | |
r-oldrel-macos-arm64 | 0.1.4 | 9.00 | ERROR | |||
r-oldrel-macos-x86_64 | 0.1.4 | 11.00 | ERROR | |||
r-oldrel-windows-x86_64 | 0.1.4 | 79.00 | 516.00 | 595.00 | OK |
Version: 0.1.4
Check: installed package size
Result: NOTE
installed size is 5.6Mb
sub-directories of 1Mb or more:
data 5.4Mb
Flavors: r-release-macos-arm64, r-release-macos-x86_64
Version: 0.1.4
Check: whether package can be installed
Result: ERROR
Installation failed.
Flavor: r-release-windows-x86_64
Version: 0.1.4
Check: package dependencies
Result: ERROR
Package required but not available: ‘GSVA’
See section ‘The DESCRIPTION file’ in the ‘Writing R Extensions’
manual.
Flavors: r-oldrel-macos-arm64, r-oldrel-macos-x86_64