Last updated on 2024-07-22 14:59:26 CEST.
Flavor | Version | Tinstall | Tcheck | Ttotal | Status | Flags |
---|---|---|---|---|---|---|
r-devel-linux-x86_64-debian-clang | 0.7-1 | 7.29 | 68.76 | 76.05 | OK | |
r-devel-linux-x86_64-debian-gcc | 0.7-1 | 5.10 | 51.40 | 56.50 | NOTE | |
r-devel-linux-x86_64-fedora-clang | 0.7-1 | 97.64 | OK | |||
r-devel-linux-x86_64-fedora-gcc | 0.7-1 | 109.47 | OK | |||
r-devel-windows-x86_64 | 0.7-1 | 11.00 | 79.00 | 90.00 | NOTE | |
r-patched-linux-x86_64 | 0.7-1 | 9.69 | 66.35 | 76.04 | OK | |
r-release-linux-x86_64 | 0.7-1 | 6.55 | 65.30 | 71.85 | OK | |
r-release-macos-arm64 | 0.7-1 | 36.00 | OK | |||
r-release-macos-x86_64 | 0.7-1 | 53.00 | OK | |||
r-release-windows-x86_64 | 0.7-1 | 10.00 | 79.00 | 89.00 | OK | |
r-oldrel-macos-arm64 | 0.7-1 | 37.00 | OK | |||
r-oldrel-macos-x86_64 | 0.7-1 | 55.00 | OK | |||
r-oldrel-windows-x86_64 | 0.7-1 | 14.00 | 86.00 | 100.00 | OK |
Version: 0.7-1
Check: Rd cross-references
Result: NOTE
Found the following Rd file(s) with Rd \link{} targets missing package
anchors:
DirichletRegModel.Rd: update.Formula
Please provide package anchors for all Rd \link{} targets not in the
package itself and the base packages.
Flavors: r-devel-linux-x86_64-debian-gcc, r-devel-windows-x86_64