Last updated on 2024-07-22 14:59:27 CEST.
Flavor | Version | Tinstall | Tcheck | Ttotal | Status | Flags |
---|---|---|---|---|---|---|
r-devel-linux-x86_64-debian-clang | 0.2.0 | 73.72 | 409.23 | 482.95 | OK | |
r-devel-linux-x86_64-debian-gcc | 0.2.0 | 48.70 | 402.02 | 450.72 | OK | |
r-devel-linux-x86_64-fedora-clang | 0.2.0 | 843.42 | OK | |||
r-devel-linux-x86_64-fedora-gcc | 0.2.0 | 699.51 | OK | |||
r-devel-windows-x86_64 | 0.2.0 | 47.00 | 356.00 | 403.00 | OK | |
r-patched-linux-x86_64 | 0.2.0 | 45.19 | 497.24 | 542.43 | OK | |
r-release-linux-x86_64 | 0.2.0 | 39.78 | 500.84 | 540.62 | OK | |
r-release-macos-arm64 | 0.2.0 | 200.00 | NOTE | |||
r-release-macos-x86_64 | 0.2.0 | 309.00 | NOTE | |||
r-release-windows-x86_64 | 0.2.0 | 52.00 | 363.00 | 415.00 | OK | |
r-oldrel-macos-arm64 | 0.2.0 | 186.00 | NOTE | |||
r-oldrel-macos-x86_64 | 0.2.0 | 546.00 | NOTE | |||
r-oldrel-windows-x86_64 | 0.2.0 | 77.00 | 445.00 | 522.00 | OK |
Version: 0.2.0
Check: installed package size
Result: NOTE
installed size is 5.2Mb
sub-directories of 1Mb or more:
libs 4.2Mb
Flavors: r-release-macos-arm64, r-release-macos-x86_64, r-oldrel-macos-arm64, r-oldrel-macos-x86_64