Last updated on 2024-07-22 14:59:28 CEST.
Flavor | Version | Tinstall | Tcheck | Ttotal | Status | Flags |
---|---|---|---|---|---|---|
r-devel-linux-x86_64-debian-clang | 0.3.4 | 399.90 | 91.34 | 491.24 | OK | |
r-devel-linux-x86_64-debian-gcc | 0.3.4 | 241.17 | 63.21 | 304.38 | NOTE | |
r-devel-linux-x86_64-fedora-clang | 0.3.4 | 923.99 | OK | |||
r-devel-linux-x86_64-fedora-gcc | 0.3.4 | 703.71 | OK | |||
r-devel-windows-x86_64 | 0.3.4 | 299.00 | 109.00 | 408.00 | NOTE | |
r-patched-linux-x86_64 | 0.3.4 | 405.24 | 85.03 | 490.27 | OK | |
r-release-linux-x86_64 | 0.3.4 | 284.38 | 84.01 | 368.39 | OK | |
r-release-macos-arm64 | 0.3.4 | 129.00 | NOTE | |||
r-release-macos-x86_64 | 0.3.4 | 125.00 | NOTE | |||
r-release-windows-x86_64 | 0.3.4 | 383.00 | 110.00 | 493.00 | OK | |
r-oldrel-macos-arm64 | 0.3.4 | 167.00 | NOTE | |||
r-oldrel-macos-x86_64 | 0.3.4 | 311.00 | NOTE | |||
r-oldrel-windows-x86_64 | 0.3.4 | 467.00 | 142.00 | 609.00 | OK |
Version: 0.3.4
Check: Rd cross-references
Result: NOTE
Found the following Rd file(s) with Rd \link{} targets missing package
anchors:
Goals.Rd: zoo
MultiGASFit.Rd: hessian
UniGASFit.Rd: hessian
cpichg.Rd: xts
fn.solnp.Rd: solnp
sp500ret.Rd: xts
sp500rv.Rd: xts
usunp.Rd: xts
Please provide package anchors for all Rd \link{} targets not in the
package itself and the base packages.
Flavors: r-devel-linux-x86_64-debian-gcc, r-devel-windows-x86_64
Version: 0.3.4
Check: installed package size
Result: NOTE
installed size is 11.6Mb
sub-directories of 1Mb or more:
data 1.4Mb
libs 9.6Mb
Flavors: r-release-macos-arm64, r-release-macos-x86_64, r-oldrel-macos-arm64, r-oldrel-macos-x86_64