Last updated on 2024-07-22 14:59:29 CEST.
Flavor | Version | Tinstall | Tcheck | Ttotal | Status | Flags |
---|---|---|---|---|---|---|
r-devel-linux-x86_64-debian-clang | 0.1.0 | 3.26 | 29.04 | 32.30 | OK | |
r-devel-linux-x86_64-debian-gcc | 0.1.0 | 2.50 | 22.25 | 24.75 | OK | |
r-devel-linux-x86_64-fedora-clang | 0.1.0 | 41.49 | NOTE | |||
r-devel-linux-x86_64-fedora-gcc | 0.1.0 | 51.38 | NOTE | |||
r-devel-windows-x86_64 | 0.1.0 | 4.00 | 45.00 | 49.00 | OK | |
r-patched-linux-x86_64 | 0.1.0 | 2.91 | 27.65 | 30.56 | OK | |
r-release-linux-x86_64 | 0.1.0 | 2.73 | 27.98 | 30.71 | OK | |
r-release-macos-arm64 | 0.1.0 | 24.00 | OK | |||
r-release-macos-x86_64 | 0.1.0 | 38.00 | OK | |||
r-release-windows-x86_64 | 0.1.0 | 4.00 | 45.00 | 49.00 | OK | |
r-oldrel-macos-arm64 | 0.1.0 | 23.00 | OK | |||
r-oldrel-macos-x86_64 | 0.1.0 | 34.00 | OK | |||
r-oldrel-windows-x86_64 | 0.1.0 | 5.00 | 45.00 | 50.00 | OK |
Version: 0.1.0
Check: dependencies in R code
Result: NOTE
Namespace in Imports field not imported from: ‘knitr’
All declared Imports should be used.
Flavors: r-devel-linux-x86_64-fedora-clang, r-devel-linux-x86_64-fedora-gcc