Last updated on 2024-07-22 14:59:29 CEST.
Flavor | Version | Tinstall | Tcheck | Ttotal | Status | Flags |
---|---|---|---|---|---|---|
r-devel-linux-x86_64-debian-clang | 0.2.1 | 77.14 | 178.04 | 255.18 | NOTE | |
r-devel-linux-x86_64-debian-gcc | 0.2.1 | 56.07 | 125.07 | 181.14 | NOTE | |
r-devel-linux-x86_64-fedora-clang | 0.2.1 | 317.01 | NOTE | |||
r-devel-linux-x86_64-fedora-gcc | 0.2.1 | 312.53 | NOTE | |||
r-devel-windows-x86_64 | 0.2.1 | 66.00 | 177.00 | 243.00 | NOTE | |
r-patched-linux-x86_64 | 0.2.1 | 70.60 | 165.92 | 236.52 | NOTE | |
r-release-linux-x86_64 | 0.2.1 | 65.00 | 164.37 | 229.37 | NOTE | |
r-release-macos-arm64 | 0.2.1 | 66.00 | NOTE | |||
r-release-macos-x86_64 | 0.2.1 | 106.00 | NOTE | |||
r-release-windows-x86_64 | 0.2.1 | 65.00 | 172.00 | 237.00 | NOTE | |
r-oldrel-macos-arm64 | 0.2.1 | 78.00 | NOTE | |||
r-oldrel-macos-x86_64 | 0.2.1 | 149.00 | NOTE | |||
r-oldrel-windows-x86_64 | 0.2.1 | 82.00 | 213.00 | 295.00 | NOTE |
Version: 0.2.1
Check: package dependencies
Result: NOTE
Package suggested but not available for checking: ‘IFCdata’
Flavors: r-devel-linux-x86_64-debian-clang, r-devel-linux-x86_64-debian-gcc, r-devel-linux-x86_64-fedora-clang, r-devel-linux-x86_64-fedora-gcc, r-devel-windows-x86_64, r-patched-linux-x86_64, r-release-linux-x86_64, r-release-macos-arm64, r-release-macos-x86_64, r-release-windows-x86_64, r-oldrel-macos-arm64, r-oldrel-macos-x86_64, r-oldrel-windows-x86_64
Version: 0.2.1
Check: installed package size
Result: NOTE
installed size is 7.4Mb
sub-directories of 1Mb or more:
R 2.0Mb
libs 4.6Mb
Flavors: r-release-macos-arm64, r-release-macos-x86_64, r-oldrel-macos-arm64, r-oldrel-macos-x86_64