Last updated on 2024-07-22 14:59:31 CEST.
Flavor | Version | Tinstall | Tcheck | Ttotal | Status | Flags |
---|---|---|---|---|---|---|
r-devel-linux-x86_64-debian-clang | 0.16.3 | 9.03 | 89.87 | 98.90 | NOTE | |
r-devel-linux-x86_64-debian-gcc | 0.16.3 | 5.23 | 70.36 | 75.59 | NOTE | |
r-devel-linux-x86_64-fedora-clang | 0.16.3 | 133.16 | NOTE | |||
r-devel-linux-x86_64-fedora-gcc | 0.16.3 | 137.08 | NOTE | |||
r-devel-windows-x86_64 | 0.16.3 | 7.00 | 81.00 | 88.00 | NOTE | |
r-patched-linux-x86_64 | 0.16.3 | 5.06 | 89.50 | 94.56 | NOTE | |
r-release-linux-x86_64 | 0.16.3 | 5.22 | 86.13 | 91.35 | NOTE | |
r-release-macos-arm64 | 0.16.3 | 42.00 | NOTE | |||
r-release-macos-x86_64 | 0.16.3 | 94.00 | NOTE | |||
r-release-windows-x86_64 | 0.16.3 | 7.00 | 87.00 | 94.00 | NOTE | |
r-oldrel-macos-arm64 | 0.16.3 | 37.00 | NOTE | |||
r-oldrel-macos-x86_64 | 0.16.3 | 75.00 | NOTE | |||
r-oldrel-windows-x86_64 | 0.16.3 | 9.00 | 97.00 | 106.00 | NOTE |
Version: 0.16.3
Check: package dependencies
Result: NOTE
Package suggested but not available for checking: ‘cmdstanr’
Flavors: r-devel-linux-x86_64-debian-clang, r-devel-linux-x86_64-debian-gcc, r-devel-linux-x86_64-fedora-clang, r-devel-linux-x86_64-fedora-gcc, r-devel-windows-x86_64, r-patched-linux-x86_64, r-release-linux-x86_64, r-release-macos-arm64, r-release-macos-x86_64, r-release-windows-x86_64, r-oldrel-macos-arm64, r-oldrel-macos-x86_64, r-oldrel-windows-x86_64