Last updated on 2024-07-22 14:59:32 CEST.
Flavor | Version | Tinstall | Tcheck | Ttotal | Status | Flags |
---|---|---|---|---|---|---|
r-devel-linux-x86_64-debian-clang | 1.1.2 | 19.74 | 169.53 | 189.27 | NOTE | |
r-devel-linux-x86_64-debian-gcc | 1.1.2 | 15.74 | 125.23 | 140.97 | NOTE | |
r-devel-linux-x86_64-fedora-clang | 1.1.2 | 233.89 | NOTE | |||
r-devel-linux-x86_64-fedora-gcc | 1.1.2 | 257.94 | NOTE | |||
r-devel-windows-x86_64 | 1.1.2 | 18.00 | 146.00 | 164.00 | NOTE | |
r-patched-linux-x86_64 | 1.1.2 | 11.88 | 158.64 | 170.52 | NOTE | |
r-release-linux-x86_64 | 1.1.2 | 16.12 | 159.40 | 175.52 | NOTE | |
r-release-macos-arm64 | 1.1.2 | 70.00 | NOTE | |||
r-release-macos-x86_64 | 1.1.2 | 101.00 | NOTE | |||
r-release-windows-x86_64 | 1.1.2 | 18.00 | 153.00 | 171.00 | NOTE | |
r-oldrel-macos-arm64 | 1.1.2 | 79.00 | OK | |||
r-oldrel-macos-x86_64 | 1.1.2 | 120.00 | OK | |||
r-oldrel-windows-x86_64 | 1.1.2 | 23.00 | 192.00 | 215.00 | OK |
Version: 1.1.2
Check: Rd files
Result: NOTE
checkRd: (-1) CVLasoelacox.Rd:68-69: Lost braces in \itemize; \value handles \item{}{} directly
checkRd: (-1) CVLasoelacox.Rd:70-71: Lost braces in \itemize; \value handles \item{}{} directly
checkRd: (-1) CVLasoelacox.Rd:72: Lost braces in \itemize; \value handles \item{}{} directly
checkRd: (-1) CVLasoelacox.Rd:73: Lost braces in \itemize; \value handles \item{}{} directly
checkRd: (-1) CVLasoelacox.Rd:74-76: Lost braces in \itemize; \value handles \item{}{} directly
checkRd: (-1) CVLasoelacox.Rd:77-79: Lost braces in \itemize; \value handles \item{}{} directly
checkRd: (-1) CVLasoelacox.Rd:80-81: Lost braces in \itemize; \value handles \item{}{} directly
checkRd: (-1) CVLasoelacox.Rd:82-85: Lost braces in \itemize; \value handles \item{}{} directly
checkRd: (-1) CVLasoelacox.Rd:86-87: Lost braces in \itemize; \value handles \item{}{} directly
Flavors: r-devel-linux-x86_64-debian-clang, r-devel-linux-x86_64-debian-gcc, r-devel-linux-x86_64-fedora-clang, r-devel-linux-x86_64-fedora-gcc, r-devel-windows-x86_64, r-patched-linux-x86_64, r-release-linux-x86_64, r-release-macos-arm64, r-release-macos-x86_64, r-release-windows-x86_64