Last updated on 2024-07-22 14:59:32 CEST.
Flavor | Version | Tinstall | Tcheck | Ttotal | Status | Flags |
---|---|---|---|---|---|---|
r-devel-linux-x86_64-debian-clang | 3.1.12 | 6.92 | 87.03 | 93.95 | NOTE | |
r-devel-linux-x86_64-debian-gcc | 3.1.12 | 6.03 | 64.97 | 71.00 | NOTE | |
r-devel-linux-x86_64-fedora-clang | 3.1.12 | 119.71 | NOTE | |||
r-devel-linux-x86_64-fedora-gcc | 3.1.12 | 178.86 | NOTE | |||
r-devel-windows-x86_64 | 3.1.12 | 9.00 | 99.00 | 108.00 | NOTE | |
r-patched-linux-x86_64 | 3.1.12 | 7.56 | 84.15 | 91.71 | NOTE | |
r-release-linux-x86_64 | 3.1.12 | 5.60 | 83.52 | 89.12 | NOTE | |
r-release-macos-arm64 | 3.1.12 | 63.00 | NOTE | |||
r-release-macos-x86_64 | 3.1.12 | 97.00 | NOTE | |||
r-release-windows-x86_64 | 3.1.12 | 8.00 | 99.00 | 107.00 | NOTE | |
r-oldrel-macos-arm64 | 3.1.12 | 70.00 | NOTE | |||
r-oldrel-macos-x86_64 | 3.1.12 | 90.00 | NOTE | |||
r-oldrel-windows-x86_64 | 3.1.12 | 10.00 | 111.00 | 121.00 | NOTE |
Version: 3.1.12
Check: LazyData
Result: NOTE
'LazyData' is specified without a 'data' directory
Flavors: r-devel-linux-x86_64-debian-clang, r-devel-linux-x86_64-debian-gcc, r-devel-linux-x86_64-fedora-clang, r-devel-linux-x86_64-fedora-gcc, r-devel-windows-x86_64, r-patched-linux-x86_64, r-release-linux-x86_64, r-release-macos-arm64, r-release-macos-x86_64, r-release-windows-x86_64, r-oldrel-macos-arm64, r-oldrel-macos-x86_64, r-oldrel-windows-x86_64