Last updated on 2024-07-22 14:59:33 CEST.
Flavor | Version | Tinstall | Tcheck | Ttotal | Status | Flags |
---|---|---|---|---|---|---|
r-devel-linux-x86_64-debian-clang | 0.4.0 | 3.66 | 53.35 | 57.01 | OK | |
r-devel-linux-x86_64-debian-gcc | 0.4.0 | 2.87 | 50.36 | 53.23 | OK | |
r-devel-linux-x86_64-fedora-clang | 0.4.0 | 81.58 | NOTE | |||
r-devel-linux-x86_64-fedora-gcc | 0.4.0 | 92.04 | NOTE | |||
r-devel-windows-x86_64 | 0.4.0 | 6.00 | 64.00 | 70.00 | OK | |
r-patched-linux-x86_64 | 0.4.0 | 2.32 | 59.34 | 61.66 | OK | |
r-release-linux-x86_64 | 0.4.0 | 2.35 | 64.28 | 66.63 | OK | |
r-release-macos-arm64 | 0.4.0 | 38.00 | OK | |||
r-release-macos-x86_64 | 0.4.0 | 52.00 | OK | |||
r-release-windows-x86_64 | 0.4.0 | 4.00 | 65.00 | 69.00 | OK | |
r-oldrel-macos-arm64 | 0.4.0 | 38.00 | OK | |||
r-oldrel-macos-x86_64 | 0.4.0 | 46.00 | OK | |||
r-oldrel-windows-x86_64 | 0.4.0 | 7.00 | 70.00 | 77.00 | OK |
Version: 0.4.0
Check: dependencies in R code
Result: NOTE
Namespace in Imports field not imported from: ‘nflfastR’
All declared Imports should be used.
Flavors: r-devel-linux-x86_64-fedora-clang, r-devel-linux-x86_64-fedora-gcc