Last updated on 2024-07-22 14:59:35 CEST.
Flavor | Version | Tinstall | Tcheck | Ttotal | Status | Flags |
---|---|---|---|---|---|---|
r-devel-linux-x86_64-debian-clang | 1.1.1 | 44.91 | 360.62 | 405.53 | OK | |
r-devel-linux-x86_64-debian-gcc | 1.1.1 | 34.83 | 252.47 | 287.30 | NOTE | |
r-devel-linux-x86_64-fedora-clang | 1.1.1 | 526.60 | NOTE | |||
r-devel-linux-x86_64-fedora-gcc | 1.1.1 | 498.28 | OK | |||
r-devel-windows-x86_64 | 1.1.1 | 37.00 | 251.00 | 288.00 | NOTE | |
r-patched-linux-x86_64 | 1.1.1 | 54.19 | 334.44 | 388.63 | OK | |
r-release-linux-x86_64 | 1.1.1 | 33.47 | 330.43 | 363.90 | OK | |
r-release-macos-arm64 | 1.1.1 | 174.00 | NOTE | |||
r-release-macos-x86_64 | 1.1.1 | 239.00 | NOTE | |||
r-release-windows-x86_64 | 1.1.1 | 37.00 | 254.00 | 291.00 | NOTE | |
r-oldrel-macos-arm64 | 1.1.1 | 134.00 | NOTE | |||
r-oldrel-macos-x86_64 | 1.1.1 | 194.00 | NOTE | |||
r-oldrel-windows-x86_64 | 1.1.1 | 48.00 | 324.00 | 372.00 | NOTE |
Version: 1.1.1
Check: Rd cross-references
Result: NOTE
Found the following Rd file(s) with Rd \link{} targets missing package
anchors:
fl.drFitModel.Rd: nlsLM
Please provide package anchors for all Rd \link{} targets not in the
package itself and the base packages.
Flavors: r-devel-linux-x86_64-debian-gcc, r-devel-windows-x86_64
Version: 1.1.1
Check: installed package size
Result: NOTE
installed size is 5.3Mb
sub-directories of 1Mb or more:
doc 2.1Mb
shiny_app 1.2Mb
Flavors: r-devel-linux-x86_64-fedora-clang, r-devel-windows-x86_64, r-release-macos-arm64, r-release-macos-x86_64, r-release-windows-x86_64, r-oldrel-macos-arm64, r-oldrel-macos-x86_64, r-oldrel-windows-x86_64