Last updated on 2024-07-22 14:59:37 CEST.
Flavor | Version | Tinstall | Tcheck | Ttotal | Status | Flags |
---|---|---|---|---|---|---|
r-devel-linux-x86_64-debian-clang | 0.1.2 | 9.49 | 86.36 | 95.85 | NOTE | |
r-devel-linux-x86_64-debian-gcc | 0.1.2 | 6.66 | 63.26 | 69.92 | NOTE | |
r-devel-linux-x86_64-fedora-clang | 0.1.2 | 121.20 | NOTE | |||
r-devel-linux-x86_64-fedora-gcc | 0.1.2 | 124.42 | NOTE | |||
r-devel-windows-x86_64 | 0.1.2 | 9.00 | 77.00 | 86.00 | NOTE | |
r-patched-linux-x86_64 | 0.1.2 | 12.40 | 80.82 | 93.22 | NOTE | |
r-release-linux-x86_64 | 0.1.2 | 6.13 | 79.89 | 86.02 | NOTE | |
r-release-macos-arm64 | 0.1.2 | 36.00 | NOTE | |||
r-release-macos-x86_64 | 0.1.2 | 50.00 | NOTE | |||
r-release-windows-x86_64 | 0.1.2 | 9.00 | 77.00 | 86.00 | NOTE | |
r-oldrel-macos-arm64 | 0.1.2 | 39.00 | NOTE | |||
r-oldrel-macos-x86_64 | 0.1.2 | 61.00 | NOTE | |||
r-oldrel-windows-x86_64 | 0.1.2 | 11.00 | 91.00 | 102.00 | NOTE |
Version: 0.1.2
Check: LazyData
Result: NOTE
'LazyData' is specified without a 'data' directory
Flavors: r-devel-linux-x86_64-debian-clang, r-devel-linux-x86_64-debian-gcc, r-devel-linux-x86_64-fedora-clang, r-devel-linux-x86_64-fedora-gcc, r-devel-windows-x86_64, r-patched-linux-x86_64, r-release-linux-x86_64, r-release-macos-arm64, r-release-macos-x86_64, r-release-windows-x86_64, r-oldrel-macos-arm64, r-oldrel-macos-x86_64, r-oldrel-windows-x86_64
Version: 0.1.2
Check: Rd cross-references
Result: NOTE
Found the following Rd file(s) with Rd \link{} targets missing package
anchors:
RImageJROI.Rd: spatstat.geom
ij2spatstat.Rd: owin, ppp, psp
Please provide package anchors for all Rd \link{} targets not in the
package itself and the base packages.
Flavors: r-devel-linux-x86_64-debian-gcc, r-devel-windows-x86_64