Last updated on 2024-07-22 14:59:36 CEST.
Flavor | Version | Tinstall | Tcheck | Ttotal | Status | Flags |
---|---|---|---|---|---|---|
r-devel-linux-x86_64-debian-clang | 0.2-6 | 27.93 | 233.26 | 261.19 | OK | |
r-devel-linux-x86_64-debian-gcc | 0.2-6 | 21.02 | 171.15 | 192.17 | NOTE | |
r-devel-linux-x86_64-fedora-clang | 0.2-6 | 334.96 | OK | |||
r-devel-linux-x86_64-fedora-gcc | 0.2-6 | 346.93 | OK | |||
r-devel-windows-x86_64 | 0.2-6 | 32.00 | 246.00 | 278.00 | NOTE | |
r-patched-linux-x86_64 | 0.2-6 | 40.07 | 222.69 | 262.76 | OK | |
r-release-linux-x86_64 | 0.2-6 | 21.35 | 219.59 | 240.94 | OK | |
r-release-macos-arm64 | 0.2-6 | 104.00 | OK | |||
r-release-macos-x86_64 | 0.2-6 | 142.00 | OK | |||
r-release-windows-x86_64 | 0.2-6 | 24.00 | 182.00 | 206.00 | OK | |
r-oldrel-macos-arm64 | 0.2-6 | 95.00 | OK | |||
r-oldrel-macos-x86_64 | 0.2-6 | 154.00 | OK | |||
r-oldrel-windows-x86_64 | 0.2-6 | 30.00 | 215.00 | 245.00 | OK |
Version: 0.2-6
Check: Rd cross-references
Result: NOTE
Found the following Rd file(s) with Rd \link{} targets missing package
anchors:
geom_stepribbon.Rd: aes, aes_, ggplot, fortify, borders, layer
Please provide package anchors for all Rd \link{} targets not in the
package itself and the base packages.
Flavors: r-devel-linux-x86_64-debian-gcc, r-devel-windows-x86_64