Last updated on 2024-07-22 14:59:37 CEST.
Flavor | Version | Tinstall | Tcheck | Ttotal | Status | Flags |
---|---|---|---|---|---|---|
r-devel-linux-x86_64-debian-clang | 3.1.1 | 10.78 | 422.88 | 433.66 | OK | |
r-devel-linux-x86_64-debian-gcc | 3.1.1 | 7.51 | 319.02 | 326.53 | OK | |
r-devel-linux-x86_64-fedora-clang | 3.1.1 | 532.91 | NOTE | |||
r-devel-linux-x86_64-fedora-gcc | 3.1.1 | 535.85 | NOTE | |||
r-devel-windows-x86_64 | 3.1.1 | 11.00 | 196.00 | 207.00 | OK | |
r-patched-linux-x86_64 | 3.1.1 | 6.41 | 417.73 | 424.14 | OK | |
r-release-linux-x86_64 | 3.1.1 | 7.50 | 418.75 | 426.25 | OK | |
r-release-macos-arm64 | 3.1.1 | 114.00 | OK | |||
r-release-macos-x86_64 | 3.1.1 | 230.00 | OK | |||
r-release-windows-x86_64 | 3.1.1 | 9.00 | 198.00 | 207.00 | OK | |
r-oldrel-macos-arm64 | 3.1.1 | 92.00 | OK | |||
r-oldrel-macos-x86_64 | 3.1.1 | 353.00 | OK | |||
r-oldrel-windows-x86_64 | 3.1.1 | 11.00 | 799.00 | 810.00 | OK |
Version: 3.1.1
Check: dependencies in R code
Result: NOTE
Namespaces in Imports field not imported from:
‘ROCit’ ‘corrplot’ ‘kableExtra’ ‘purrr’ ‘reshape2’
All declared Imports should be used.
Flavors: r-devel-linux-x86_64-fedora-clang, r-devel-linux-x86_64-fedora-gcc