Last updated on 2024-07-22 14:59:38 CEST.
Flavor | Version | Tinstall | Tcheck | Ttotal | Status | Flags |
---|---|---|---|---|---|---|
r-devel-linux-x86_64-debian-clang | 0.8.2 | 3.20 | 28.17 | 31.37 | OK | |
r-devel-linux-x86_64-debian-gcc | 0.8.2 | 2.43 | 21.36 | 23.79 | NOTE | |
r-devel-linux-x86_64-fedora-clang | 0.8.2 | 40.19 | OK | |||
r-devel-linux-x86_64-fedora-gcc | 0.8.2 | 37.29 | OK | |||
r-devel-windows-x86_64 | 0.8.2 | 4.00 | 43.00 | 47.00 | NOTE | |
r-patched-linux-x86_64 | 0.8.2 | 5.52 | 26.69 | 32.21 | OK | |
r-release-linux-x86_64 | 0.8.2 | 3.07 | 26.88 | 29.95 | OK | |
r-release-macos-arm64 | 0.8.2 | 17.00 | OK | |||
r-release-macos-x86_64 | 0.8.2 | 30.00 | OK | |||
r-release-windows-x86_64 | 0.8.2 | 4.00 | 43.00 | 47.00 | OK | |
r-oldrel-macos-arm64 | 0.8.2 | 19.00 | OK | |||
r-oldrel-macos-x86_64 | 0.8.2 | 23.00 | OK | |||
r-oldrel-windows-x86_64 | 0.8.2 | 4.00 | 44.00 | 48.00 | OK |
Version: 0.8.2
Check: Rd cross-references
Result: NOTE
Found the following Rd file(s) with Rd \link{} targets missing package
anchors:
SASmarkdown-package.rd: knitr-package
sas_enginesetup.rd: knit_engines
saslog_hookset.rd: knit_hooks
Please provide package anchors for all Rd \link{} targets not in the
package itself and the base packages.
Flavors: r-devel-linux-x86_64-debian-gcc, r-devel-windows-x86_64