Last updated on 2024-07-22 14:59:38 CEST.
Flavor | Version | Tinstall | Tcheck | Ttotal | Status | Flags |
---|---|---|---|---|---|---|
r-devel-linux-x86_64-debian-clang | 3.0 | 13.16 | 110.41 | 123.57 | OK | |
r-devel-linux-x86_64-debian-gcc | 3.0 | 9.67 | 80.42 | 90.09 | NOTE | |
r-devel-linux-x86_64-fedora-clang | 3.0 | 150.67 | OK | |||
r-devel-linux-x86_64-fedora-gcc | 3.0 | 142.44 | OK | |||
r-devel-windows-x86_64 | 3.0 | 13.00 | 145.00 | 158.00 | NOTE | --no-vignettes |
r-patched-linux-x86_64 | 3.0 | 15.48 | 102.75 | 118.23 | OK | |
r-release-linux-x86_64 | 3.0 | 11.37 | 103.63 | 115.00 | OK | |
r-release-macos-arm64 | 3.0 | 43.00 | OK | |||
r-release-macos-x86_64 | 3.0 | 66.00 | OK | |||
r-release-windows-x86_64 | 3.0 | 12.00 | 99.00 | 111.00 | OK | --no-vignettes |
r-oldrel-macos-arm64 | 3.0 | 45.00 | OK | |||
r-oldrel-macos-x86_64 | 3.0 | 68.00 | OK | |||
r-oldrel-windows-x86_64 | 3.0 | 16.00 | 109.00 | 125.00 | OK | --no-vignettes |
Version: 3.0
Check: Rd cross-references
Result: NOTE
Found the following Rd file(s) with Rd \link{} targets missing package
anchors:
barplot.SCGLRTHM.Rd: theme
plot.SCGLR.Rd: ggplot
plot.SCGLRTHM.Rd: ggplot
scglrThemeBackward.Rd: Formula
screeplot.SCGLRTHM.Rd: theme
Please provide package anchors for all Rd \link{} targets not in the
package itself and the base packages.
Flavor: r-devel-linux-x86_64-debian-gcc
Version: 3.0
Flags: --no-vignettes
Check: Rd cross-references
Result: NOTE
Found the following Rd file(s) with Rd \link{} targets missing package
anchors:
barplot.SCGLRTHM.Rd: theme
plot.SCGLR.Rd: ggplot
plot.SCGLRTHM.Rd: ggplot
scglrThemeBackward.Rd: Formula
screeplot.SCGLRTHM.Rd: theme
Please provide package anchors for all Rd \link{} targets not in the
package itself and the base packages.
Flavor: r-devel-windows-x86_64