Last updated on 2024-07-22 14:59:38 CEST.
Flavor | Version | Tinstall | Tcheck | Ttotal | Status | Flags |
---|---|---|---|---|---|---|
r-devel-linux-x86_64-debian-clang | 1.1.3 | 2.39 | 43.12 | 45.51 | NOTE | |
r-devel-linux-x86_64-debian-gcc | 1.1.3 | 1.79 | 32.76 | 34.55 | NOTE | |
r-devel-linux-x86_64-fedora-clang | 1.1.3 | 59.40 | NOTE | |||
r-devel-linux-x86_64-fedora-gcc | 1.1.3 | 67.82 | NOTE | |||
r-devel-windows-x86_64 | 1.1.3 | 3.00 | 53.00 | 56.00 | NOTE | |
r-patched-linux-x86_64 | 1.1.3 | 1.98 | 40.62 | 42.60 | NOTE | |
r-release-linux-x86_64 | 1.1.3 | 2.18 | 40.90 | 43.08 | NOTE | |
r-release-macos-arm64 | 1.1.3 | 27.00 | NOTE | |||
r-release-macos-x86_64 | 1.1.3 | 38.00 | NOTE | |||
r-release-windows-x86_64 | 1.1.3 | 4.00 | 52.00 | 56.00 | NOTE | |
r-oldrel-macos-arm64 | 1.1.3 | 29.00 | NOTE | |||
r-oldrel-macos-x86_64 | 1.1.3 | 41.00 | NOTE | |||
r-oldrel-windows-x86_64 | 1.1.3 | 4.00 | 59.00 | 63.00 | NOTE |
Version: 1.1.3
Check: package subdirectories
Result: NOTE
Problems with news in ‘NEWS.md’:
No news entries found.
Flavors: r-devel-linux-x86_64-debian-clang, r-devel-linux-x86_64-debian-gcc, r-devel-linux-x86_64-fedora-clang, r-devel-linux-x86_64-fedora-gcc, r-devel-windows-x86_64, r-patched-linux-x86_64, r-release-linux-x86_64, r-release-macos-arm64, r-release-macos-x86_64, r-release-windows-x86_64, r-oldrel-macos-arm64, r-oldrel-macos-x86_64, r-oldrel-windows-x86_64