Last updated on 2024-07-22 14:59:39 CEST.
Flavor | Version | Tinstall | Tcheck | Ttotal | Status | Flags |
---|---|---|---|---|---|---|
r-devel-linux-x86_64-debian-clang | 1.0.1 | 34.05 | 278.19 | 312.24 | OK | |
r-devel-linux-x86_64-debian-gcc | 1.0.1 | 23.13 | 204.71 | 227.84 | NOTE | |
r-devel-linux-x86_64-fedora-clang | 1.0.1 | 386.52 | OK | |||
r-devel-linux-x86_64-fedora-gcc | 1.0.1 | 362.26 | OK | |||
r-devel-windows-x86_64 | 1.0.1 | 26.00 | 193.00 | 219.00 | NOTE | |
r-patched-linux-x86_64 | 1.0.1 | 25.31 | 261.88 | 287.19 | OK | |
r-release-linux-x86_64 | 1.0.1 | 19.92 | 262.47 | 282.39 | OK | |
r-release-macos-arm64 | 1.0.1 | 107.00 | OK | |||
r-release-macos-x86_64 | 1.0.1 | 158.00 | OK | |||
r-release-windows-x86_64 | 1.0.1 | 26.00 | 191.00 | 217.00 | OK | |
r-oldrel-macos-arm64 | 1.0.1 | 115.00 | OK | |||
r-oldrel-macos-x86_64 | 1.0.1 | 205.00 | OK | |||
r-oldrel-windows-x86_64 | 1.0.1 | 35.00 | 251.00 | 286.00 | OK |
Version: 1.0.1
Check: Rd cross-references
Result: NOTE
Found the following Rd file(s) with Rd \link{} targets missing package
anchors:
plotslapmeg.Rd: ggplot2
Please provide package anchors for all Rd \link{} targets not in the
package itself and the base packages.
Flavors: r-devel-linux-x86_64-debian-gcc, r-devel-windows-x86_64