Last updated on 2024-07-22 14:59:22 CEST.
Flavor | Version | Tinstall | Tcheck | Ttotal | Status | Flags |
---|---|---|---|---|---|---|
r-devel-linux-x86_64-debian-clang | 0.3.0 | 146.66 | 43.47 | 190.13 | NOTE | |
r-devel-linux-x86_64-debian-gcc | 0.3.0 | 116.76 | 32.20 | 148.96 | NOTE | |
r-devel-linux-x86_64-fedora-clang | 0.3.0 | 284.46 | NOTE | |||
r-devel-linux-x86_64-fedora-gcc | 0.3.0 | 277.56 | NOTE | |||
r-devel-windows-x86_64 | 0.3.0 | 107.00 | 64.00 | 171.00 | NOTE | |
r-patched-linux-x86_64 | 0.3.0 | 148.86 | 41.35 | 190.21 | NOTE | |
r-release-linux-x86_64 | 0.3.0 | 149.98 | 40.56 | 190.54 | NOTE | |
r-release-macos-arm64 | 0.3.0 | 65.00 | NOTE | |||
r-release-macos-x86_64 | 0.3.0 | 92.00 | NOTE | |||
r-release-windows-x86_64 | 0.3.0 | 99.00 | 65.00 | 164.00 | NOTE | |
r-oldrel-macos-arm64 | 0.3.0 | 65.00 | NOTE | |||
r-oldrel-macos-x86_64 | 0.3.0 | 139.00 | NOTE | |||
r-oldrel-windows-x86_64 | 0.3.0 | 124.00 | 69.00 | 193.00 | NOTE |
Version: 0.3.0
Check: package dependencies
Result: NOTE
Package suggested but not available for checking: ‘arcgisbinding’
Flavors: r-devel-linux-x86_64-debian-clang, r-devel-linux-x86_64-debian-gcc, r-devel-linux-x86_64-fedora-clang, r-devel-linux-x86_64-fedora-gcc, r-devel-windows-x86_64, r-patched-linux-x86_64, r-release-linux-x86_64, r-release-macos-arm64, r-release-macos-x86_64, r-release-windows-x86_64, r-oldrel-macos-arm64, r-oldrel-macos-x86_64, r-oldrel-windows-x86_64
Version: 0.3.0
Check: compiled code
Result: NOTE
File ‘arcgisutils/libs/arcgisutils.so’:
Found non-API calls to R: ‘PRCODE’, ‘PRENV’
Compiled code should not call non-API entry points in R.
See ‘Writing portable packages’ in the ‘Writing R Extensions’ manual,
and section ‘Moving into C API compliance’ for issues with the use of
non-API entry points.
Flavors: r-devel-linux-x86_64-debian-clang, r-devel-linux-x86_64-debian-gcc, r-devel-linux-x86_64-fedora-clang, r-devel-linux-x86_64-fedora-gcc
Version: 0.3.0
Check: installed package size
Result: NOTE
installed size is 5.4Mb
sub-directories of 1Mb or more:
libs 5.1Mb
Flavor: r-devel-linux-x86_64-fedora-clang
Version: 0.3.0
Check: compiled code
Result: NOTE
File 'arcgisutils/libs/x64/arcgisutils.dll':
Found non-API calls to R: 'PRCODE', 'PRENV'
Compiled code should not call non-API entry points in R.
See 'Writing portable packages' in the 'Writing R Extensions' manual,
and section 'Moving into C API compliance' for issues with the use of
non-API entry points.
Flavor: r-devel-windows-x86_64