Last updated on 2024-07-22 14:59:23 CEST.
Flavor | Version | Tinstall | Tcheck | Ttotal | Status | Flags |
---|---|---|---|---|---|---|
r-devel-linux-x86_64-debian-clang | 0.7.8 | 810.19 | 371.22 | 1181.41 | OK | |
r-devel-linux-x86_64-debian-gcc | 0.7.8 | 665.39 | 333.30 | 998.69 | NOTE | |
r-devel-linux-x86_64-fedora-clang | 0.7.8 | 1482.78 | NOTE | |||
r-devel-linux-x86_64-fedora-gcc | 0.7.8 | 2022.37 | NOTE | |||
r-devel-windows-x86_64 | 0.7.8 | 615.00 | 378.00 | 993.00 | NOTE | |
r-patched-linux-x86_64 | 0.7.8 | 0.02 | 2.98 | 3.00 | ERROR | |
r-release-linux-x86_64 | 0.7.8 | 628.86 | 437.64 | 1066.50 | OK | |
r-release-macos-arm64 | 0.7.8 | 358.00 | NOTE | |||
r-release-macos-x86_64 | 0.7.8 | 422.00 | NOTE | |||
r-release-windows-x86_64 | 0.7.8 | 624.00 | 372.00 | 996.00 | NOTE | |
r-oldrel-macos-arm64 | 0.7.8 | 346.00 | NOTE | |||
r-oldrel-macos-x86_64 | 0.7.8 | 482.00 | NOTE | |||
r-oldrel-windows-x86_64 | 0.7.8 | 833.00 | 437.00 | 1270.00 | NOTE |
Version: 0.7.8
Check: Rd cross-references
Result: NOTE
Found the following Rd file(s) with Rd \link{} targets missing package
anchors:
forest_plot.Rd: forestplot
Please provide package anchors for all Rd \link{} targets not in the
package itself and the base packages.
Flavors: r-devel-linux-x86_64-debian-gcc, r-devel-windows-x86_64
Version: 0.7.8
Check: installed package size
Result: NOTE
installed size is 9.0Mb
sub-directories of 1Mb or more:
libs 7.2Mb
Flavors: r-devel-linux-x86_64-fedora-clang, r-devel-windows-x86_64, r-release-macos-arm64, r-release-macos-x86_64, r-release-windows-x86_64, r-oldrel-macos-arm64, r-oldrel-macos-x86_64, r-oldrel-windows-x86_64
Version: 0.7.8
Check: for GNU extensions in Makefiles
Result: NOTE
GNU make is a SystemRequirements.
Flavors: r-devel-linux-x86_64-fedora-clang, r-devel-linux-x86_64-fedora-gcc, r-release-macos-arm64, r-release-macos-x86_64, r-oldrel-macos-arm64, r-oldrel-macos-x86_64
Version: 0.7.8
Check: whether package can be installed
Result: ERROR
Installation failed.
Flavor: r-patched-linux-x86_64