Last updated on 2024-07-22 14:59:23 CEST.
Flavor | Version | Tinstall | Tcheck | Ttotal | Status | Flags |
---|---|---|---|---|---|---|
r-devel-linux-x86_64-debian-clang | 2.0.11 | 24.05 | 166.41 | 190.46 | ERROR | |
r-devel-linux-x86_64-debian-gcc | 2.0.11 | 18.73 | 123.95 | 142.68 | ERROR | |
r-devel-linux-x86_64-fedora-clang | 2.0.11 | 219.58 | ERROR | |||
r-devel-linux-x86_64-fedora-gcc | 2.0.11 | 243.72 | ERROR | |||
r-devel-windows-x86_64 | 2.0.11 | 21.00 | 142.00 | 163.00 | ERROR | |
r-patched-linux-x86_64 | 2.0.11 | 21.64 | 161.43 | 183.07 | ERROR | |
r-release-linux-x86_64 | 2.0.11 | 15.40 | 157.44 | 172.84 | ERROR | |
r-release-macos-arm64 | 2.0.11 | 82.00 | OK | |||
r-release-macos-x86_64 | 2.0.11 | 180.00 | OK | |||
r-release-windows-x86_64 | 2.0.11 | 18.00 | 144.00 | 162.00 | ERROR | |
r-oldrel-macos-arm64 | 2.0.11 | 80.00 | OK | |||
r-oldrel-macos-x86_64 | 2.0.11 | 172.00 | OK | |||
r-oldrel-windows-x86_64 | 2.0.11 | 24.00 | 186.00 | 210.00 | ERROR |
Version: 2.0.11
Check: tests
Result: ERROR
Running ‘testthat.R’ [4s/5s]
Running the tests in ‘tests/testthat.R’ failed.
Complete output:
> library(testthat)
> library(baytrends)
Loading:baytrends v2.0.11
Attaching package: 'baytrends'
The following object is masked from 'package:stats':
nobs
>
> test_check("baytrends")
[ FAIL 2 | WARN 0 | SKIP 0 | PASS 12 ]
══ Failed tests ════════════════════════════════════════════════════════════════
── Error ('test-impute.R:42:3'): impute, norm ──────────────────────────────────
Error in `checkCensoredDataFrameNAInfNan(censdata)`: censdata is not a dataframe with two columns named left and right.
Backtrace:
▆
1. └─baytrends::impute(x, "norm") at test-impute.R:42:3
2. └─fitdistrplus::fitdistcens(myData1, distr = "norm")
3. └─fitdistrplus:::checkCensoredDataFrameNAInfNan(censdata)
── Error ('test-impute.R:55:3'): impute, lnorm ─────────────────────────────────
Error in `checkCensoredDataFrameNAInfNan(censdata)`: censdata is not a dataframe with two columns named left and right.
Backtrace:
▆
1. └─baytrends::impute(x, "lnorm") at test-impute.R:55:3
2. └─fitdistrplus::fitdistcens(myData1, distr = "lnorm")
3. └─fitdistrplus:::checkCensoredDataFrameNAInfNan(censdata)
[ FAIL 2 | WARN 0 | SKIP 0 | PASS 12 ]
Error: Test failures
Execution halted
Flavors: r-devel-linux-x86_64-debian-clang, r-release-linux-x86_64
Version: 2.0.11
Check: tests
Result: ERROR
Running ‘testthat.R’ [3s/6s]
Running the tests in ‘tests/testthat.R’ failed.
Complete output:
> library(testthat)
> library(baytrends)
Loading:baytrends v2.0.11
Attaching package: 'baytrends'
The following object is masked from 'package:stats':
nobs
>
> test_check("baytrends")
[ FAIL 2 | WARN 0 | SKIP 0 | PASS 12 ]
══ Failed tests ════════════════════════════════════════════════════════════════
── Error ('test-impute.R:42:3'): impute, norm ──────────────────────────────────
Error in `checkCensoredDataFrameNAInfNan(censdata)`: censdata is not a dataframe with two columns named left and right.
Backtrace:
▆
1. └─baytrends::impute(x, "norm") at test-impute.R:42:3
2. └─fitdistrplus::fitdistcens(myData1, distr = "norm")
3. └─fitdistrplus:::checkCensoredDataFrameNAInfNan(censdata)
── Error ('test-impute.R:55:3'): impute, lnorm ─────────────────────────────────
Error in `checkCensoredDataFrameNAInfNan(censdata)`: censdata is not a dataframe with two columns named left and right.
Backtrace:
▆
1. └─baytrends::impute(x, "lnorm") at test-impute.R:55:3
2. └─fitdistrplus::fitdistcens(myData1, distr = "lnorm")
3. └─fitdistrplus:::checkCensoredDataFrameNAInfNan(censdata)
[ FAIL 2 | WARN 0 | SKIP 0 | PASS 12 ]
Error: Test failures
Execution halted
Flavor: r-devel-linux-x86_64-debian-gcc
Version: 2.0.11
Check: tests
Result: ERROR
Running ‘testthat.R’
Running the tests in ‘tests/testthat.R’ failed.
Complete output:
> library(testthat)
> library(baytrends)
Loading:baytrends v2.0.11
Attaching package: 'baytrends'
The following object is masked from 'package:stats':
nobs
>
> test_check("baytrends")
[ FAIL 2 | WARN 0 | SKIP 0 | PASS 12 ]
══ Failed tests ════════════════════════════════════════════════════════════════
── Error ('test-impute.R:42:3'): impute, norm ──────────────────────────────────
Error in `checkCensoredDataFrameNAInfNan(censdata)`: censdata is not a dataframe with two columns named left and right.
Backtrace:
▆
1. └─baytrends::impute(x, "norm") at test-impute.R:42:3
2. └─fitdistrplus::fitdistcens(myData1, distr = "norm")
3. └─fitdistrplus:::checkCensoredDataFrameNAInfNan(censdata)
── Error ('test-impute.R:55:3'): impute, lnorm ─────────────────────────────────
Error in `checkCensoredDataFrameNAInfNan(censdata)`: censdata is not a dataframe with two columns named left and right.
Backtrace:
▆
1. └─baytrends::impute(x, "lnorm") at test-impute.R:55:3
2. └─fitdistrplus::fitdistcens(myData1, distr = "lnorm")
3. └─fitdistrplus:::checkCensoredDataFrameNAInfNan(censdata)
[ FAIL 2 | WARN 0 | SKIP 0 | PASS 12 ]
Error: Test failures
Execution halted
Flavors: r-devel-linux-x86_64-fedora-clang, r-devel-linux-x86_64-fedora-gcc
Version: 2.0.11
Check: tests
Result: ERROR
Running 'testthat.R' [3s]
Running the tests in 'tests/testthat.R' failed.
Complete output:
> library(testthat)
> library(baytrends)
Loading:baytrends v2.0.11
Attaching package: 'baytrends'
The following object is masked from 'package:stats':
nobs
>
> test_check("baytrends")
[ FAIL 2 | WARN 0 | SKIP 0 | PASS 12 ]
══ Failed tests ════════════════════════════════════════════════════════════════
── Error ('test-impute.R:42:3'): impute, norm ──────────────────────────────────
Error in `checkCensoredDataFrameNAInfNan(censdata)`: censdata is not a dataframe with two columns named left and right.
Backtrace:
▆
1. └─baytrends::impute(x, "norm") at test-impute.R:42:3
2. └─fitdistrplus::fitdistcens(myData1, distr = "norm")
3. └─fitdistrplus:::checkCensoredDataFrameNAInfNan(censdata)
── Error ('test-impute.R:55:3'): impute, lnorm ─────────────────────────────────
Error in `checkCensoredDataFrameNAInfNan(censdata)`: censdata is not a dataframe with two columns named left and right.
Backtrace:
▆
1. └─baytrends::impute(x, "lnorm") at test-impute.R:55:3
2. └─fitdistrplus::fitdistcens(myData1, distr = "lnorm")
3. └─fitdistrplus:::checkCensoredDataFrameNAInfNan(censdata)
[ FAIL 2 | WARN 0 | SKIP 0 | PASS 12 ]
Error: Test failures
Execution halted
Flavors: r-devel-windows-x86_64, r-release-windows-x86_64
Version: 2.0.11
Check: tests
Result: ERROR
Running ‘testthat.R’ [4s/7s]
Running the tests in ‘tests/testthat.R’ failed.
Complete output:
> library(testthat)
> library(baytrends)
Loading:baytrends v2.0.11
Attaching package: 'baytrends'
The following object is masked from 'package:stats':
nobs
>
> test_check("baytrends")
[ FAIL 2 | WARN 0 | SKIP 0 | PASS 12 ]
══ Failed tests ════════════════════════════════════════════════════════════════
── Error ('test-impute.R:42:3'): impute, norm ──────────────────────────────────
Error in `checkCensoredDataFrameNAInfNan(censdata)`: censdata is not a dataframe with two columns named left and right.
Backtrace:
▆
1. └─baytrends::impute(x, "norm") at test-impute.R:42:3
2. └─fitdistrplus::fitdistcens(myData1, distr = "norm")
3. └─fitdistrplus:::checkCensoredDataFrameNAInfNan(censdata)
── Error ('test-impute.R:55:3'): impute, lnorm ─────────────────────────────────
Error in `checkCensoredDataFrameNAInfNan(censdata)`: censdata is not a dataframe with two columns named left and right.
Backtrace:
▆
1. └─baytrends::impute(x, "lnorm") at test-impute.R:55:3
2. └─fitdistrplus::fitdistcens(myData1, distr = "lnorm")
3. └─fitdistrplus:::checkCensoredDataFrameNAInfNan(censdata)
[ FAIL 2 | WARN 0 | SKIP 0 | PASS 12 ]
Error: Test failures
Execution halted
Flavor: r-patched-linux-x86_64
Version: 2.0.11
Check: tests
Result: ERROR
Running 'testthat.R' [4s]
Running the tests in 'tests/testthat.R' failed.
Complete output:
> library(testthat)
> library(baytrends)
Loading:baytrends v2.0.11
Attaching package: 'baytrends'
The following object is masked from 'package:stats':
nobs
>
> test_check("baytrends")
[ FAIL 2 | WARN 0 | SKIP 0 | PASS 12 ]
══ Failed tests ════════════════════════════════════════════════════════════════
── Error ('test-impute.R:42:3'): impute, norm ──────────────────────────────────
Error in `checkCensoredDataFrameNAInfNan(censdata)`: censdata is not a dataframe with two columns named left and right.
Backtrace:
▆
1. └─baytrends::impute(x, "norm") at test-impute.R:42:3
2. └─fitdistrplus::fitdistcens(myData1, distr = "norm")
3. └─fitdistrplus:::checkCensoredDataFrameNAInfNan(censdata)
── Error ('test-impute.R:55:3'): impute, lnorm ─────────────────────────────────
Error in `checkCensoredDataFrameNAInfNan(censdata)`: censdata is not a dataframe with two columns named left and right.
Backtrace:
▆
1. └─baytrends::impute(x, "lnorm") at test-impute.R:55:3
2. └─fitdistrplus::fitdistcens(myData1, distr = "lnorm")
3. └─fitdistrplus:::checkCensoredDataFrameNAInfNan(censdata)
[ FAIL 2 | WARN 0 | SKIP 0 | PASS 12 ]
Error: Test failures
Execution halted
Flavor: r-oldrel-windows-x86_64