Last updated on 2024-07-22 14:59:23 CEST.
Flavor | Version | Tinstall | Tcheck | Ttotal | Status | Flags |
---|---|---|---|---|---|---|
r-devel-linux-x86_64-debian-clang | 3.1 | 978.05 | 314.45 | 1292.50 | NOTE | |
r-devel-linux-x86_64-debian-gcc | 3.1 | 798.60 | 292.90 | 1091.50 | NOTE | |
r-devel-linux-x86_64-fedora-clang | 3.1 | 1634.68 | NOTE | |||
r-devel-linux-x86_64-fedora-gcc | 3.1 | 2307.44 | NOTE | |||
r-devel-windows-x86_64 | 3.1 | 756.00 | 307.00 | 1063.00 | NOTE | |
r-patched-linux-x86_64 | 3.1 | 0.01 | 2.46 | 2.47 | ERROR | |
r-release-linux-x86_64 | 3.1 | 732.29 | 340.54 | 1072.83 | NOTE | |
r-release-macos-arm64 | 3.1 | 381.00 | NOTE | |||
r-release-macos-x86_64 | 3.1 | 390.00 | NOTE | |||
r-release-windows-x86_64 | 3.1 | 762.00 | 303.00 | 1065.00 | NOTE | |
r-oldrel-macos-arm64 | 3.1 | 329.00 | NOTE | |||
r-oldrel-macos-x86_64 | 3.1 | 364.00 | NOTE | |||
r-oldrel-windows-x86_64 | 3.1 | 1012.00 | 369.00 | 1381.00 | NOTE |
Version: 3.1
Check: for GNU extensions in Makefiles
Result: NOTE
GNU make is a SystemRequirements.
Flavors: r-devel-linux-x86_64-debian-clang, r-devel-linux-x86_64-debian-gcc, r-devel-linux-x86_64-fedora-clang, r-devel-linux-x86_64-fedora-gcc, r-devel-windows-x86_64, r-release-linux-x86_64, r-release-macos-arm64, r-release-macos-x86_64, r-release-windows-x86_64, r-oldrel-macos-arm64, r-oldrel-macos-x86_64, r-oldrel-windows-x86_64
Version: 3.1
Check: installed package size
Result: NOTE
installed size is 9.2Mb
sub-directories of 1Mb or more:
libs 7.6Mb
Flavors: r-devel-linux-x86_64-fedora-clang, r-devel-windows-x86_64, r-release-macos-arm64, r-release-macos-x86_64, r-release-windows-x86_64, r-oldrel-macos-arm64, r-oldrel-macos-x86_64, r-oldrel-windows-x86_64
Version: 3.1
Check: whether package can be installed
Result: ERROR
Installation failed.
Flavor: r-patched-linux-x86_64