Last updated on 2024-07-22 14:59:23 CEST.
Flavor | Version | Tinstall | Tcheck | Ttotal | Status | Flags |
---|---|---|---|---|---|---|
r-devel-linux-x86_64-debian-clang | 1.22.5 | 10.23 | 127.73 | 137.96 | OK | |
r-devel-linux-x86_64-debian-gcc | 1.22.5 | 8.44 | 92.47 | 100.91 | NOTE | |
r-devel-linux-x86_64-fedora-clang | 1.22.5 | 170.78 | OK | |||
r-devel-linux-x86_64-fedora-gcc | 1.22.5 | 175.59 | OK | |||
r-devel-windows-x86_64 | 1.22.5 | 11.00 | 137.00 | 148.00 | NOTE | |
r-patched-linux-x86_64 | 1.22.5 | 15.75 | 120.47 | 136.22 | OK | |
r-release-linux-x86_64 | 1.22.5 | 11.13 | 119.65 | 130.78 | OK | |
r-release-macos-arm64 | 1.22.5 | 50.00 | OK | |||
r-release-macos-x86_64 | 1.22.5 | 108.00 | OK | |||
r-release-windows-x86_64 | 1.22.5 | 13.00 | 136.00 | 149.00 | OK | |
r-oldrel-macos-arm64 | 1.22.5 | 56.00 | OK | |||
r-oldrel-macos-x86_64 | 1.22.5 | 162.00 | OK | |||
r-oldrel-windows-x86_64 | 1.22.5 | 12.00 | 170.00 | 182.00 | OK |
Version: 1.22.5
Check: Rd cross-references
Result: NOTE
Found the following Rd file(s) with Rd \link{} targets missing package
anchors:
l2array.Rd: abind
Please provide package anchors for all Rd \link{} targets not in the
package itself and the base packages.
Flavors: r-devel-linux-x86_64-debian-gcc, r-devel-windows-x86_64