Last updated on 2024-07-22 14:59:23 CEST.
Flavor | Version | Tinstall | Tcheck | Ttotal | Status | Flags |
---|---|---|---|---|---|---|
r-devel-linux-x86_64-debian-clang | 0.7.9 | 612.80 | 683.43 | 1296.23 | NOTE | |
r-devel-linux-x86_64-debian-gcc | 0.7.9 | 468.20 | 542.47 | 1010.67 | NOTE | |
r-devel-linux-x86_64-fedora-clang | 0.7.9 | 1716.14 | NOTE | |||
r-devel-linux-x86_64-fedora-gcc | 0.7.9 | 2048.64 | NOTE | |||
r-devel-windows-x86_64 | 0.7.9 | 462.00 | 477.00 | 939.00 | NOTE | |
r-patched-linux-x86_64 | 0.7.9 | 522.10 | 696.37 | 1218.47 | NOTE | |
r-release-linux-x86_64 | 0.7.9 | 556.80 | 706.19 | 1262.99 | NOTE | |
r-release-macos-arm64 | 0.7.9 | 388.00 | NOTE | |||
r-release-macos-x86_64 | 0.7.9 | 492.00 | NOTE | |||
r-release-windows-x86_64 | 0.7.9 | 462.00 | 481.00 | 943.00 | NOTE | |
r-oldrel-macos-arm64 | 0.7.9 | 265.00 | NOTE | |||
r-oldrel-macos-x86_64 | 0.7.9 | 354.00 | NOTE | |||
r-oldrel-windows-x86_64 | 0.7.9 | 467.00 | 659.00 | 1126.00 | NOTE |
Version: 0.7.9
Check: package dependencies
Result: NOTE
Package suggested but not available for checking: ‘INLA’
Flavors: r-devel-linux-x86_64-debian-clang, r-devel-linux-x86_64-debian-gcc, r-patched-linux-x86_64, r-release-linux-x86_64, r-release-macos-arm64, r-release-macos-x86_64, r-oldrel-macos-arm64, r-oldrel-macos-x86_64, r-oldrel-windows-x86_64
Version: 0.7.9
Check: for GNU extensions in Makefiles
Result: NOTE
GNU make is a SystemRequirements.
Flavors: r-devel-linux-x86_64-debian-clang, r-devel-linux-x86_64-debian-gcc, r-devel-linux-x86_64-fedora-clang, r-devel-linux-x86_64-fedora-gcc, r-devel-windows-x86_64, r-patched-linux-x86_64, r-release-linux-x86_64, r-release-macos-arm64, r-release-macos-x86_64, r-release-windows-x86_64, r-oldrel-macos-arm64, r-oldrel-macos-x86_64, r-oldrel-windows-x86_64
Version: 0.7.9
Check: Rd cross-references
Result: NOTE
Found the following Rd file(s) with Rd \link{} targets missing package
anchors:
Bspatial.Rd: spLM
Bsptime.Rd: spDynLM, spT.time, spLM
Please provide package anchors for all Rd \link{} targets not in the
package itself and the base packages.
Flavors: r-devel-linux-x86_64-debian-gcc, r-devel-windows-x86_64
Version: 0.7.9
Check: installed package size
Result: NOTE
installed size is 9.3Mb
sub-directories of 1Mb or more:
libs 5.9Mb
Flavors: r-devel-linux-x86_64-fedora-clang, r-devel-windows-x86_64, r-release-macos-arm64, r-release-macos-x86_64, r-release-windows-x86_64, r-oldrel-macos-arm64, r-oldrel-macos-x86_64, r-oldrel-windows-x86_64