Last updated on 2024-07-22 14:59:24 CEST.
Flavor | Version | Tinstall | Tcheck | Ttotal | Status | Flags |
---|---|---|---|---|---|---|
r-devel-linux-x86_64-debian-clang | 1.0.2 | 5.57 | 110.20 | 115.77 | OK | |
r-devel-linux-x86_64-debian-gcc | 1.0.2 | 4.66 | 82.08 | 86.74 | NOTE | |
r-devel-linux-x86_64-fedora-clang | 1.0.2 | 146.17 | OK | |||
r-devel-linux-x86_64-fedora-gcc | 1.0.2 | 152.45 | OK | |||
r-devel-windows-x86_64 | 1.0.2 | 9.00 | 105.00 | 114.00 | NOTE | |
r-patched-linux-x86_64 | 1.0.2 | 12.95 | 107.58 | 120.53 | OK | |
r-release-linux-x86_64 | 1.0.2 | 4.61 | 105.08 | 109.69 | OK | |
r-release-macos-arm64 | 1.0.2 | 47.00 | OK | |||
r-release-macos-x86_64 | 1.0.2 | 94.00 | OK | |||
r-release-windows-x86_64 | 1.0.2 | 7.00 | 103.00 | 110.00 | OK | |
r-oldrel-macos-arm64 | 1.0.2 | 58.00 | OK | |||
r-oldrel-macos-x86_64 | 1.0.2 | 107.00 | OK | |||
r-oldrel-windows-x86_64 | 1.0.2 | 9.00 | 119.00 | 128.00 | OK |
Version: 1.0.2
Check: Rd cross-references
Result: NOTE
Found the following Rd file(s) with Rd \link{} targets missing package
anchors:
setup_statevars.Rd: deSolve
Please provide package anchors for all Rd \link{} targets not in the
package itself and the base packages.
Flavors: r-devel-linux-x86_64-debian-gcc, r-devel-windows-x86_64