Last updated on 2024-07-22 14:59:24 CEST.
Flavor | Version | Tinstall | Tcheck | Ttotal | Status | Flags |
---|---|---|---|---|---|---|
r-devel-linux-x86_64-debian-clang | 0.1.0 | 14.80 | 133.14 | 147.94 | OK | |
r-devel-linux-x86_64-debian-gcc | 0.1.0 | 11.16 | 98.36 | 109.52 | OK | |
r-devel-linux-x86_64-fedora-clang | 0.1.0 | 198.88 | NOTE | |||
r-devel-linux-x86_64-fedora-gcc | 0.1.0 | 185.66 | NOTE | |||
r-devel-windows-x86_64 | 0.1.0 | 15.00 | 109.00 | 124.00 | OK | |
r-patched-linux-x86_64 | 0.1.0 | 14.88 | 127.77 | 142.65 | OK | |
r-release-linux-x86_64 | 0.1.0 | 9.40 | 125.48 | 134.88 | OK | |
r-release-macos-arm64 | 0.1.0 | 59.00 | OK | |||
r-release-macos-x86_64 | 0.1.0 | 82.00 | OK | |||
r-release-windows-x86_64 | 0.1.0 | 14.00 | 107.00 | 121.00 | OK | |
r-oldrel-macos-arm64 | 0.1.0 | 63.00 | OK | |||
r-oldrel-macos-x86_64 | 0.1.0 | 88.00 | OK | |||
r-oldrel-windows-x86_64 | 0.1.0 | 17.00 | 131.00 | 148.00 | OK |
Version: 0.1.0
Check: dependencies in R code
Result: NOTE
Namespaces in Imports field not imported from:
‘CBPS’ ‘spelling’
All declared Imports should be used.
Flavors: r-devel-linux-x86_64-fedora-clang, r-devel-linux-x86_64-fedora-gcc