Last updated on 2024-07-22 14:59:24 CEST.
Flavor | Version | Tinstall | Tcheck | Ttotal | Status | Flags |
---|---|---|---|---|---|---|
r-devel-linux-x86_64-debian-clang | 0.1.1 | 13.59 | 208.89 | 222.48 | OK | |
r-devel-linux-x86_64-debian-gcc | 0.1.1 | 8.74 | 146.19 | 154.93 | OK | |
r-devel-linux-x86_64-fedora-clang | 0.1.1 | 269.35 | NOTE | |||
r-devel-linux-x86_64-fedora-gcc | 0.1.1 | 257.22 | OK | |||
r-devel-windows-x86_64 | 0.1.1 | 14.00 | 195.00 | 209.00 | NOTE | |
r-patched-linux-x86_64 | 0.1.1 | 11.67 | 188.38 | 200.05 | OK | |
r-release-linux-x86_64 | 0.1.1 | 8.20 | 187.79 | 195.99 | OK | |
r-release-macos-arm64 | 0.1.1 | 172.00 | NOTE | |||
r-release-macos-x86_64 | 0.1.1 | 172.00 | NOTE | |||
r-release-windows-x86_64 | 0.1.1 | 11.00 | 192.00 | 203.00 | NOTE | |
r-oldrel-macos-arm64 | 0.1.1 | 110.00 | NOTE | |||
r-oldrel-macos-x86_64 | 0.1.1 | 200.00 | NOTE | |||
r-oldrel-windows-x86_64 | 0.1.1 | 14.00 | 235.00 | 249.00 | NOTE |
Version: 0.1.1
Check: installed package size
Result: NOTE
installed size is 7.5Mb
sub-directories of 1Mb or more:
doc 7.3Mb
Flavors: r-devel-linux-x86_64-fedora-clang, r-devel-windows-x86_64, r-release-macos-arm64, r-release-macos-x86_64, r-release-windows-x86_64, r-oldrel-macos-arm64, r-oldrel-macos-x86_64, r-oldrel-windows-x86_64