Last updated on 2024-07-22 14:59:24 CEST.
Flavor | Version | Tinstall | Tcheck | Ttotal | Status | Flags |
---|---|---|---|---|---|---|
r-devel-linux-x86_64-debian-clang | 0.0.4 | 9.06 | 663.21 | 672.27 | OK | |
r-devel-linux-x86_64-debian-gcc | 0.0.4 | 8.13 | 507.06 | 515.19 | OK | |
r-devel-linux-x86_64-fedora-clang | 0.0.4 | 834.18 | OK | |||
r-devel-linux-x86_64-fedora-gcc | 0.0.4 | 846.00 | OK | |||
r-devel-windows-x86_64 | 0.0.4 | 9.00 | 565.00 | 574.00 | OK | |
r-patched-linux-x86_64 | 0.0.4 | 10.59 | 593.27 | 603.86 | OK | |
r-release-linux-x86_64 | 0.0.4 | 9.14 | 611.70 | 620.84 | OK | |
r-release-macos-arm64 | 0.0.4 | 331.00 | OK | |||
r-release-macos-x86_64 | 0.0.4 | 494.00 | WARN | |||
r-release-windows-x86_64 | 0.0.4 | 9.00 | 576.00 | 585.00 | OK | |
r-oldrel-macos-arm64 | 0.0.4 | 351.00 | OK | |||
r-oldrel-macos-x86_64 | 0.0.4 | 960.00 | OK | |||
r-oldrel-windows-x86_64 | 0.0.4 | 11.00 | 677.00 | 688.00 | OK |
Version: 0.0.4
Check: re-building of vignette outputs
Result: WARN
Error(s) in re-building vignettes:
...
--- re-building ‘collin.Rnw’ using knitr
Error: processing vignette 'collin.Rnw' failed with diagnostics:
Running 'texi2dvi' on 'collin.tex' failed.
LaTeX errors:
! Undefined control sequence.
l.162 \hlkwd{install.packages}\hldef
{(}\hlsng{"collin"}\hldef{)}
?
! Emergency stop.
! Emergency stop.
l.162
End of file on the terminal!
! ==> Fatal error occurred, no output PDF file produced!
--- failed re-building ‘collin.Rnw’
SUMMARY: processing the following file failed:
‘collin.Rnw’
Error: Vignette re-building failed.
Execution halted
Flavor: r-release-macos-x86_64