Last updated on 2024-07-22 14:59:25 CEST.
Flavor | Version | Tinstall | Tcheck | Ttotal | Status | Flags |
---|---|---|---|---|---|---|
r-devel-linux-x86_64-debian-clang | 1.0.3 | 37.67 | 181.19 | 218.86 | NOTE | |
r-devel-linux-x86_64-debian-gcc | 1.0.3 | 28.53 | 135.10 | 163.63 | NOTE | |
r-devel-linux-x86_64-fedora-clang | 1.0.3 | 295.50 | NOTE | |||
r-devel-linux-x86_64-fedora-gcc | 1.0.3 | 291.26 | NOTE | |||
r-devel-windows-x86_64 | 1.0.3 | 34.00 | 167.00 | 201.00 | NOTE | |
r-patched-linux-x86_64 | 1.0.3 | 36.92 | 170.94 | 207.86 | NOTE | |
r-release-linux-x86_64 | 1.0.3 | 34.22 | 176.60 | 210.82 | NOTE | |
r-release-macos-arm64 | 1.0.3 | 85.00 | NOTE | |||
r-release-macos-x86_64 | 1.0.3 | 138.00 | NOTE | |||
r-release-windows-x86_64 | 1.0.3 | 39.00 | 168.00 | 207.00 | NOTE | |
r-oldrel-macos-arm64 | 1.0.3 | 93.00 | NOTE | |||
r-oldrel-macos-x86_64 | 1.0.3 | 167.00 | NOTE | |||
r-oldrel-windows-x86_64 | 1.0.3 | 48.00 | 196.00 | 244.00 | NOTE |
Version: 1.0.3
Check: C++ specification
Result: NOTE
Specified C++11: please drop specification unless essential
Flavors: r-devel-linux-x86_64-debian-clang, r-devel-linux-x86_64-debian-gcc, r-devel-linux-x86_64-fedora-clang, r-devel-linux-x86_64-fedora-gcc, r-devel-windows-x86_64, r-patched-linux-x86_64, r-release-linux-x86_64, r-release-macos-arm64, r-release-macos-x86_64, r-release-windows-x86_64, r-oldrel-macos-arm64, r-oldrel-macos-x86_64, r-oldrel-windows-x86_64
Version: 1.0.3
Check: Rd files
Result: NOTE
checkRd: (-1) coxph.RT.Rd:57: Lost braces in \itemize; \value handles \item{}{} directly
checkRd: (-1) coxph.RT.Rd:58: Lost braces in \itemize; \value handles \item{}{} directly
checkRd: (-1) coxph.RT.Rd:59-71: Lost braces in \itemize; \value handles \item{}{} directly
Flavors: r-devel-linux-x86_64-debian-clang, r-devel-linux-x86_64-debian-gcc, r-devel-linux-x86_64-fedora-clang, r-devel-linux-x86_64-fedora-gcc, r-devel-windows-x86_64, r-patched-linux-x86_64, r-release-linux-x86_64, r-release-macos-arm64, r-release-macos-x86_64, r-release-windows-x86_64
Version: 1.0.3
Check: LazyData
Result: NOTE
'LazyData' is specified without a 'data' directory
Flavors: r-devel-linux-x86_64-debian-clang, r-devel-linux-x86_64-debian-gcc, r-devel-linux-x86_64-fedora-clang, r-devel-linux-x86_64-fedora-gcc, r-devel-windows-x86_64, r-patched-linux-x86_64, r-release-linux-x86_64, r-release-macos-arm64, r-release-macos-x86_64, r-release-windows-x86_64, r-oldrel-macos-arm64, r-oldrel-macos-x86_64, r-oldrel-windows-x86_64