Last updated on 2024-07-22 14:59:25 CEST.
Flavor | Version | Tinstall | Tcheck | Ttotal | Status | Flags |
---|---|---|---|---|---|---|
r-devel-linux-x86_64-debian-clang | 1.0.0 | 23.31 | 212.96 | 236.27 | OK | |
r-devel-linux-x86_64-debian-gcc | 1.0.0 | 19.67 | 155.43 | 175.10 | OK | |
r-devel-linux-x86_64-fedora-clang | 1.0.0 | 292.08 | OK | |||
r-devel-linux-x86_64-fedora-gcc | 1.0.0 | 279.35 | OK | |||
r-devel-windows-x86_64 | 1.0.0 | 22.00 | 159.00 | 181.00 | OK | |
r-patched-linux-x86_64 | 1.0.0 | 14.54 | 202.57 | 217.11 | OK | |
r-release-linux-x86_64 | 1.0.0 | 14.75 | 199.89 | 214.64 | OK | |
r-release-macos-arm64 | 1.0.0 | 80.00 | OK | |||
r-release-macos-x86_64 | 1.0.0 | 228.00 | OK | |||
r-release-windows-x86_64 | 1.0.0 | 23.00 | 155.00 | 178.00 | OK | |
r-oldrel-macos-arm64 | 1.0.0 | 86.00 | NOTE | |||
r-oldrel-macos-x86_64 | 1.0.0 | 154.00 | OK | |||
r-oldrel-windows-x86_64 | 1.0.0 | 27.00 | 197.00 | 224.00 | OK |
Version: 1.0.0
Check: package dependencies
Result: NOTE
Package suggested but not available for checking: ‘snpStats’
Flavor: r-oldrel-macos-arm64
Version: 1.0.0
Check: Rd cross-references
Result: NOTE
Package unavailable to check Rd xrefs: ‘snpStats’
Flavor: r-oldrel-macos-arm64