Last updated on 2024-07-22 14:59:25 CEST.
Flavor | Version | Tinstall | Tcheck | Ttotal | Status | Flags |
---|---|---|---|---|---|---|
r-devel-linux-x86_64-debian-clang | 1.3 | 8.71 | 94.06 | 102.77 | OK | |
r-devel-linux-x86_64-debian-gcc | 1.3 | 6.67 | 69.26 | 75.93 | OK | |
r-devel-linux-x86_64-fedora-clang | 1.3 | 134.70 | NOTE | |||
r-devel-linux-x86_64-fedora-gcc | 1.3 | 123.02 | OK | |||
r-devel-windows-x86_64 | 1.3 | 9.00 | 90.00 | 99.00 | OK | |
r-patched-linux-x86_64 | 1.3 | 7.70 | 90.92 | 98.62 | OK | |
r-release-linux-x86_64 | 1.3 | 9.12 | 91.40 | 100.52 | OK | |
r-release-macos-arm64 | 1.3 | 37.00 | OK | |||
r-release-macos-x86_64 | 1.3 | 61.00 | OK | |||
r-release-windows-x86_64 | 1.3 | 9.00 | 92.00 | 101.00 | OK | |
r-oldrel-macos-arm64 | 1.3 | 41.00 | OK | |||
r-oldrel-macos-x86_64 | 1.3 | 87.00 | OK | |||
r-oldrel-windows-x86_64 | 1.3 | 10.00 | 107.00 | 117.00 | OK |
Version: 1.3
Check: Rd cross-references
Result: NOTE
Undeclared packages ‘FactoMineR’, ‘vcd’ in Rd xrefs
Flavor: r-devel-linux-x86_64-fedora-clang