Last updated on 2024-07-22 14:59:26 CEST.
Flavor | Version | Tinstall | Tcheck | Ttotal | Status | Flags |
---|---|---|---|---|---|---|
r-devel-linux-x86_64-debian-clang | 1.7.4 | 22.56 | 79.98 | 102.54 | NOTE | |
r-devel-linux-x86_64-debian-gcc | 1.7.4 | 17.73 | 59.28 | 77.01 | NOTE | |
r-devel-linux-x86_64-fedora-clang | 1.7.4 | 164.97 | NOTE | |||
r-devel-linux-x86_64-fedora-gcc | 1.7.4 | 159.11 | NOTE | |||
r-devel-windows-x86_64 | 1.7.4 | 22.00 | 109.00 | 131.00 | NOTE | |
r-patched-linux-x86_64 | 1.7.4 | 31.29 | 76.58 | 107.87 | NOTE | |
r-release-linux-x86_64 | 1.7.4 | 22.91 | 77.41 | 100.32 | NOTE | |
r-release-macos-arm64 | 1.7.4 | 52.00 | NOTE | |||
r-release-macos-x86_64 | 1.7.4 | 70.00 | NOTE | |||
r-release-windows-x86_64 | 1.7.4 | 32.00 | 109.00 | 141.00 | NOTE | |
r-oldrel-macos-arm64 | 1.7.4 | 56.00 | NOTE | |||
r-oldrel-macos-x86_64 | 1.7.4 | 88.00 | NOTE | |||
r-oldrel-windows-x86_64 | 1.7.4 | 30.00 | 121.00 | 151.00 | NOTE |
Version: 1.7.4
Check: C++ specification
Result: NOTE
Specified C++11: please drop specification unless essential
Flavors: r-devel-linux-x86_64-debian-clang, r-devel-linux-x86_64-debian-gcc, r-devel-linux-x86_64-fedora-clang, r-devel-linux-x86_64-fedora-gcc, r-devel-windows-x86_64, r-patched-linux-x86_64, r-release-linux-x86_64, r-release-macos-arm64, r-release-macos-x86_64, r-release-windows-x86_64, r-oldrel-macos-arm64, r-oldrel-macos-x86_64, r-oldrel-windows-x86_64