Last updated on 2024-07-22 14:59:26 CEST.
Flavor | Version | Tinstall | Tcheck | Ttotal | Status | Flags |
---|---|---|---|---|---|---|
r-devel-linux-x86_64-debian-clang | 1.1.1 | 6.40 | 57.93 | 64.33 | OK | |
r-devel-linux-x86_64-debian-gcc | 1.1.1 | 5.02 | 43.14 | 48.16 | NOTE | |
r-devel-linux-x86_64-fedora-clang | 1.1.1 | 79.15 | NOTE | |||
r-devel-linux-x86_64-fedora-gcc | 1.1.1 | 74.45 | NOTE | |||
r-devel-windows-x86_64 | 1.1.1 | 7.00 | 63.00 | 70.00 | NOTE | |
r-patched-linux-x86_64 | 1.1.1 | 12.79 | 55.47 | 68.26 | OK | |
r-release-linux-x86_64 | 1.1.1 | 4.58 | 55.16 | 59.74 | OK | |
r-release-macos-arm64 | 1.1.1 | 30.00 | OK | |||
r-release-macos-x86_64 | 1.1.1 | 57.00 | OK | |||
r-release-windows-x86_64 | 1.1.1 | 7.00 | 64.00 | 71.00 | OK | |
r-oldrel-macos-arm64 | 1.1.1 | 31.00 | OK | |||
r-oldrel-macos-x86_64 | 1.1.1 | 42.00 | OK | |||
r-oldrel-windows-x86_64 | 1.1.1 | 8.00 | 69.00 | 77.00 | OK |
Version: 1.1.1
Check: Rd cross-references
Result: NOTE
Found the following Rd file(s) with Rd \link{} targets missing package
anchors:
cens_margin_to.Rd: group_by, summarize
Please provide package anchors for all Rd \link{} targets not in the
package itself and the base packages.
Flavors: r-devel-linux-x86_64-debian-gcc, r-devel-windows-x86_64
Version: 1.1.1
Check: data for non-ASCII characters
Result: NOTE
Note: found 10 marked UTF-8 strings
Flavors: r-devel-linux-x86_64-fedora-clang, r-devel-linux-x86_64-fedora-gcc