Last updated on 2024-07-22 14:59:26 CEST.
Flavor | Version | Tinstall | Tcheck | Ttotal | Status | Flags |
---|---|---|---|---|---|---|
r-devel-linux-x86_64-debian-clang | 0.1.1 | 15.63 | 47.29 | 62.92 | OK | |
r-devel-linux-x86_64-debian-gcc | 0.1.1 | 12.34 | 35.61 | 47.95 | NOTE | |
r-devel-linux-x86_64-fedora-clang | 0.1.1 | 95.36 | NOTE | |||
r-devel-linux-x86_64-fedora-gcc | 0.1.1 | 81.55 | NOTE | |||
r-devel-windows-x86_64 | 0.1.1 | 16.00 | 73.00 | 89.00 | NOTE | |
r-patched-linux-x86_64 | 0.1.1 | 18.72 | 44.53 | 63.25 | OK | |
r-release-linux-x86_64 | 0.1.1 | 14.88 | 44.57 | 59.45 | OK | |
r-release-macos-arm64 | 0.1.1 | 26.00 | OK | |||
r-release-macos-x86_64 | 0.1.1 | 38.00 | OK | |||
r-release-windows-x86_64 | 0.1.1 | 20.00 | 70.00 | 90.00 | OK | |
r-oldrel-macos-arm64 | 0.1.1 | 34.00 | OK | |||
r-oldrel-macos-x86_64 | 0.1.1 | 71.00 | OK | |||
r-oldrel-windows-x86_64 | 0.1.1 | 20.00 | 84.00 | 104.00 | OK |
Version: 0.1.1
Check: Rd cross-references
Result: NOTE
Found the following Rd file(s) with Rd \link{} targets missing package
anchors:
glenan.Rd: envelope
glomel.Rd: envelope
Please provide package anchors for all Rd \link{} targets not in the
package itself and the base packages.
Flavors: r-devel-linux-x86_64-debian-gcc, r-devel-windows-x86_64
Version: 0.1.1
Check: data for non-ASCII characters
Result: NOTE
Note: found 42 marked UTF-8 strings
Flavors: r-devel-linux-x86_64-fedora-clang, r-devel-linux-x86_64-fedora-gcc