Last updated on 2024-07-22 15:57:20 CEST.
Flavor | Version | Tinstall | Tcheck | Ttotal | Status | Flags |
---|---|---|---|---|---|---|
r-devel-linux-x86_64-debian-clang | 0.3-1 | 118.54 | 257.97 | 376.51 | OK | |
r-devel-linux-x86_64-debian-gcc | 0.3-1 | 81.27 | 190.24 | 271.51 | NOTE | |
r-devel-linux-x86_64-fedora-clang | 0.3-1 | 516.60 | OK | |||
r-devel-linux-x86_64-fedora-gcc | 0.3-1 | 495.60 | OK | |||
r-devel-windows-x86_64 | 0.3-1 | 90.00 | 215.00 | 305.00 | NOTE | |
r-patched-linux-x86_64 | 0.3-1 | 126.00 | 246.86 | 372.86 | OK | |
r-release-linux-x86_64 | 0.3-1 | 99.66 | 244.00 | 343.66 | OK | |
r-release-macos-arm64 | 0.3-1 | 121.00 | NOTE | |||
r-release-macos-x86_64 | 0.3-1 | 194.00 | NOTE | |||
r-release-windows-x86_64 | 0.3-1 | 101.00 | 212.00 | 313.00 | OK | |
r-oldrel-macos-arm64 | 0.3-1 | 121.00 | NOTE | |||
r-oldrel-macos-x86_64 | 0.3-1 | 326.00 | NOTE | |||
r-oldrel-windows-x86_64 | 0.3-1 | 132.00 | 281.00 | 413.00 | OK |
Version: 0.3-1
Check: Rd cross-references
Result: NOTE
Found the following Rd file(s) with Rd \link{} targets missing package
anchors:
nvertex.Rd: network
Please provide package anchors for all Rd \link{} targets not in the
package itself and the base packages.
Flavors: r-devel-linux-x86_64-debian-gcc, r-devel-windows-x86_64
Version: 0.3-1
Check: installed package size
Result: NOTE
installed size is 5.6Mb
sub-directories of 1Mb or more:
libs 4.2Mb
Flavors: r-release-macos-arm64, r-release-macos-x86_64, r-oldrel-macos-arm64, r-oldrel-macos-x86_64