Last updated on 2024-07-22 15:57:21 CEST.
Flavor | Version | Tinstall | Tcheck | Ttotal | Status | Flags |
---|---|---|---|---|---|---|
r-devel-linux-x86_64-debian-clang | 0.1.0 | 7.83 | 154.14 | 161.97 | NOTE | |
r-devel-linux-x86_64-debian-gcc | 0.1.0 | 7.38 | 116.32 | 123.70 | NOTE | |
r-devel-linux-x86_64-fedora-clang | 0.1.0 | 207.94 | NOTE | |||
r-devel-linux-x86_64-fedora-gcc | 0.1.0 | 184.73 | NOTE | |||
r-devel-windows-x86_64 | 0.1.0 | 8.00 | 129.00 | 137.00 | NOTE | |
r-patched-linux-x86_64 | 0.1.0 | 0.31 | 2.31 | 2.62 | ERROR | |
r-release-linux-x86_64 | 0.1.0 | 5.32 | 152.70 | 158.02 | NOTE | |
r-release-macos-arm64 | 0.1.0 | 55.00 | NOTE | |||
r-release-macos-x86_64 | 0.1.0 | 84.00 | NOTE | |||
r-release-windows-x86_64 | 0.1.0 | 9.00 | 130.00 | 139.00 | NOTE | |
r-oldrel-macos-arm64 | 0.1.0 | 58.00 | NOTE | |||
r-oldrel-macos-x86_64 | 0.1.0 | 84.00 | NOTE | |||
r-oldrel-windows-x86_64 | 0.1.0 | 11.00 | 154.00 | 165.00 | NOTE |
Version: 0.1.0
Check: LazyData
Result: NOTE
'LazyData' is specified without a 'data' directory
Flavors: r-devel-linux-x86_64-debian-clang, r-devel-linux-x86_64-debian-gcc, r-devel-linux-x86_64-fedora-clang, r-devel-linux-x86_64-fedora-gcc, r-devel-windows-x86_64, r-release-linux-x86_64, r-release-macos-arm64, r-release-macos-x86_64, r-release-windows-x86_64, r-oldrel-macos-arm64, r-oldrel-macos-x86_64, r-oldrel-windows-x86_64
Version: 0.1.0
Check: Rd cross-references
Result: NOTE
Undeclared package ‘tibble’ in Rd xrefs
Flavor: r-devel-linux-x86_64-fedora-clang
Version: 0.1.0
Check: package dependencies
Result: ERROR
Package required but not available: ‘prophet’
See section ‘The DESCRIPTION file’ in the ‘Writing R Extensions’
manual.
Flavor: r-patched-linux-x86_64