Last updated on 2024-07-22 15:57:22 CEST.
Flavor | Version | Tinstall | Tcheck | Ttotal | Status | Flags |
---|---|---|---|---|---|---|
r-devel-linux-x86_64-debian-clang | 0.3.4 | 132.41 | 590.51 | 722.92 | OK | |
r-devel-linux-x86_64-debian-gcc | 0.3.4 | 92.73 | 438.14 | 530.87 | OK | |
r-devel-linux-x86_64-fedora-clang | 0.3.4 | 973.97 | NOTE | |||
r-devel-linux-x86_64-fedora-gcc | 0.3.4 | 947.08 | OK | |||
r-devel-windows-x86_64 | 0.3.4 | 107.00 | 458.00 | 565.00 | NOTE | |
r-patched-linux-x86_64 | 0.3.4 | 0.72 | 2.26 | 2.98 | ERROR | |
r-release-linux-x86_64 | 0.3.4 | 89.56 | 567.06 | 656.62 | OK | |
r-release-macos-arm64 | 0.3.4 | 238.00 | NOTE | |||
r-release-macos-x86_64 | 0.3.4 | 355.00 | NOTE | |||
r-release-windows-x86_64 | 0.3.4 | 121.00 | 438.00 | 559.00 | NOTE | |
r-oldrel-macos-arm64 | 0.3.4 | 357.00 | NOTE | |||
r-oldrel-macos-x86_64 | 0.3.4 | 472.00 | NOTE | |||
r-oldrel-windows-x86_64 | 0.3.4 | 156.00 | 565.00 | 721.00 | NOTE |
Version: 0.3.4
Check: installed package size
Result: NOTE
installed size is 5.8Mb
sub-directories of 1Mb or more:
extdata 3.0Mb
Flavors: r-devel-linux-x86_64-fedora-clang, r-devel-windows-x86_64, r-release-macos-arm64, r-release-macos-x86_64, r-release-windows-x86_64, r-oldrel-macos-arm64, r-oldrel-macos-x86_64, r-oldrel-windows-x86_64
Version: 0.3.4
Check: package dependencies
Result: ERROR
Package required but not available: ‘reldist’
See section ‘The DESCRIPTION file’ in the ‘Writing R Extensions’
manual.
Flavor: r-patched-linux-x86_64