Last updated on 2024-07-22 15:57:22 CEST.
Flavor | Version | Tinstall | Tcheck | Ttotal | Status | Flags |
---|---|---|---|---|---|---|
r-devel-linux-x86_64-debian-clang | 1.0.3 | 42.84 | 2.36 | 45.20 | ERROR | |
r-devel-linux-x86_64-debian-gcc | 1.0.3 | 25.31 | 1.80 | 27.11 | ERROR | |
r-devel-linux-x86_64-fedora-clang | 1.0.3 | 66.88 | ERROR | |||
r-devel-linux-x86_64-fedora-gcc | 1.0.3 | 67.14 | ERROR | |||
r-devel-windows-x86_64 | 1.0.3 | 31.00 | 5.00 | 36.00 | ERROR | |
r-patched-linux-x86_64 | 1.0.3 | 25.82 | 2.26 | 28.08 | ERROR | |
r-release-linux-x86_64 | 1.0.3 | 23.52 | 2.20 | 25.72 | ERROR | |
r-release-macos-arm64 | 1.0.3 | 54.00 | OK | |||
r-release-macos-x86_64 | 1.0.3 | 82.00 | OK | |||
r-release-windows-x86_64 | 1.0.3 | 36.00 | 5.00 | 41.00 | ERROR | |
r-oldrel-macos-arm64 | 1.0.3 | 65.00 | OK | |||
r-oldrel-macos-x86_64 | 1.0.3 | 120.00 | OK | |||
r-oldrel-windows-x86_64 | 1.0.3 | 50.00 | 137.00 | 187.00 | OK |
Version: 1.0.3
Check: whether package can be installed
Result: ERROR
Installation failed.
Flavors: r-devel-linux-x86_64-debian-clang, r-devel-linux-x86_64-debian-gcc, r-devel-linux-x86_64-fedora-clang, r-devel-linux-x86_64-fedora-gcc, r-devel-windows-x86_64, r-patched-linux-x86_64, r-release-linux-x86_64, r-release-windows-x86_64