Last updated on 2024-07-22 15:57:22 CEST.
Flavor | Version | Tinstall | Tcheck | Ttotal | Status | Flags |
---|---|---|---|---|---|---|
r-devel-linux-x86_64-debian-clang | 0.3.0 | 4.43 | 56.24 | 60.67 | OK | |
r-devel-linux-x86_64-debian-gcc | 0.3.0 | 4.05 | 42.78 | 46.83 | NOTE | |
r-devel-linux-x86_64-fedora-clang | 0.3.0 | 79.11 | OK | |||
r-devel-linux-x86_64-fedora-gcc | 0.3.0 | 86.10 | OK | |||
r-devel-windows-x86_64 | 0.3.0 | 6.00 | 61.00 | 67.00 | NOTE | |
r-patched-linux-x86_64 | 0.3.0 | 9.02 | 53.38 | 62.40 | OK | |
r-release-linux-x86_64 | 0.3.0 | 4.29 | 53.07 | 57.36 | OK | |
r-release-macos-arm64 | 0.3.0 | 31.00 | OK | |||
r-release-macos-x86_64 | 0.3.0 | 48.00 | OK | |||
r-release-windows-x86_64 | 0.3.0 | 6.00 | 60.00 | 66.00 | OK | |
r-oldrel-macos-arm64 | 0.3.0 | 31.00 | OK | |||
r-oldrel-macos-x86_64 | 0.3.0 | 52.00 | OK | |||
r-oldrel-windows-x86_64 | 0.3.0 | 7.00 | 69.00 | 76.00 | OK |
Version: 0.3.0
Check: Rd cross-references
Result: NOTE
Found the following Rd file(s) with Rd \link{} targets missing package
anchors:
geom_polypath.Rd: geom_polygon, geom_map, geom_path, geom_ribbon
Please provide package anchors for all Rd \link{} targets not in the
package itself and the base packages.
Flavors: r-devel-linux-x86_64-debian-gcc, r-devel-windows-x86_64