Last updated on 2024-07-22 15:57:23 CEST.
Flavor | Version | Tinstall | Tcheck | Ttotal | Status | Flags |
---|---|---|---|---|---|---|
r-devel-linux-x86_64-debian-clang | 1.2.0 | 61.74 | 209.37 | 271.11 | OK | |
r-devel-linux-x86_64-debian-gcc | 1.2.0 | 52.09 | 160.96 | 213.05 | OK | |
r-devel-linux-x86_64-fedora-clang | 1.2.0 | 395.28 | NOTE | |||
r-devel-linux-x86_64-fedora-gcc | 1.2.0 | 394.13 | OK | |||
r-devel-windows-x86_64 | 1.2.0 | 63.00 | 194.00 | 257.00 | NOTE | |
r-patched-linux-x86_64 | 1.2.0 | 72.34 | 211.96 | 284.30 | OK | |
r-release-linux-x86_64 | 1.2.0 | 46.01 | 213.32 | 259.33 | OK | |
r-release-macos-arm64 | 1.2.0 | 110.00 | NOTE | |||
r-release-macos-x86_64 | 1.2.0 | 239.00 | NOTE | |||
r-release-windows-x86_64 | 1.2.0 | 71.00 | 188.00 | 259.00 | NOTE | |
r-oldrel-macos-arm64 | 1.2.0 | 108.00 | NOTE | |||
r-oldrel-macos-x86_64 | 1.2.0 | 231.00 | NOTE | |||
r-oldrel-windows-x86_64 | 1.2.0 | 88.00 | 233.00 | 321.00 | NOTE |
Version: 1.2.0
Check: installed package size
Result: NOTE
installed size is 6.2Mb
sub-directories of 1Mb or more:
data 2.7Mb
doc 2.6Mb
Flavors: r-devel-linux-x86_64-fedora-clang, r-devel-windows-x86_64, r-release-macos-arm64, r-release-macos-x86_64, r-release-windows-x86_64, r-oldrel-macos-arm64, r-oldrel-macos-x86_64, r-oldrel-windows-x86_64