Last updated on 2024-07-22 15:57:24 CEST.
Flavor | Version | Tinstall | Tcheck | Ttotal | Status | Flags |
---|---|---|---|---|---|---|
r-devel-linux-x86_64-debian-clang | 1.1.3 | 4.22 | 40.02 | 44.24 | OK | |
r-devel-linux-x86_64-debian-gcc | 1.1.3 | 2.63 | 29.51 | 32.14 | NOTE | |
r-devel-linux-x86_64-fedora-clang | 1.1.3 | 54.05 | OK | |||
r-devel-linux-x86_64-fedora-gcc | 1.1.3 | 50.59 | OK | |||
r-devel-windows-x86_64 | 1.1.3 | 6.00 | 50.00 | 56.00 | NOTE | |
r-patched-linux-x86_64 | 1.1.3 | 5.55 | 38.48 | 44.03 | OK | |
r-release-linux-x86_64 | 1.1.3 | 3.91 | 37.44 | 41.35 | OK | |
r-release-macos-arm64 | 1.1.3 | 21.00 | OK | |||
r-release-macos-x86_64 | 1.1.3 | 31.00 | OK | |||
r-release-windows-x86_64 | 1.1.3 | 4.00 | 50.00 | 54.00 | OK | |
r-oldrel-macos-arm64 | 1.1.3 | 22.00 | OK | |||
r-oldrel-macos-x86_64 | 1.1.3 | 26.00 | OK | |||
r-oldrel-windows-x86_64 | 1.1.3 | 5.00 | 55.00 | 60.00 | OK |
Version: 1.1.3
Check: Rd cross-references
Result: NOTE
Found the following Rd file(s) with Rd \link{} targets missing package
anchors:
hms.Rd: vec_cast
Please provide package anchors for all Rd \link{} targets not in the
package itself and the base packages.
Flavors: r-devel-linux-x86_64-debian-gcc, r-devel-windows-x86_64