Last updated on 2024-07-22 15:57:25 CEST.
Flavor | Version | Tinstall | Tcheck | Ttotal | Status | Flags |
---|---|---|---|---|---|---|
r-devel-linux-x86_64-debian-clang | 1.3.3 | 4.53 | 33.26 | 37.79 | OK | |
r-devel-linux-x86_64-debian-gcc | 1.3.3 | 3.38 | 25.06 | 28.44 | NOTE | |
r-devel-linux-x86_64-fedora-clang | 1.3.3 | 66.25 | OK | |||
r-devel-linux-x86_64-fedora-gcc | 1.3.3 | 62.82 | OK | |||
r-devel-windows-x86_64 | 1.3.3 | 9.00 | 57.00 | 66.00 | NOTE | |
r-patched-linux-x86_64 | 1.3.3 | 4.70 | 31.41 | 36.11 | OK | |
r-release-linux-x86_64 | 1.3.3 | 3.86 | 32.24 | 36.10 | OK | |
r-release-macos-arm64 | 1.3.3 | 30.00 | OK | |||
r-release-macos-x86_64 | 1.3.3 | 44.00 | OK | |||
r-release-windows-x86_64 | 1.3.3 | 8.00 | 59.00 | 67.00 | OK | |
r-oldrel-macos-arm64 | 1.3.3 | 33.00 | OK | |||
r-oldrel-macos-x86_64 | 1.3.3 | 68.00 | OK | |||
r-oldrel-windows-x86_64 | 1.3.3 | 10.00 | 65.00 | 75.00 | OK |
Version: 1.3.3
Check: Rd cross-references
Result: NOTE
Found the following Rd file(s) with Rd \link{} targets missing package
anchors:
manip.Rd: add
Please provide package anchors for all Rd \link{} targets not in the
package itself and the base packages.
Flavors: r-devel-linux-x86_64-debian-gcc, r-devel-windows-x86_64