Last updated on 2024-07-22 15:57:25 CEST.
Flavor | Version | Tinstall | Tcheck | Ttotal | Status | Flags |
---|---|---|---|---|---|---|
r-devel-linux-x86_64-debian-clang | 5.0 | 31.72 | 446.58 | 478.30 | OK | |
r-devel-linux-x86_64-debian-gcc | 5.0 | 23.67 | 321.18 | 344.85 | NOTE | |
r-devel-linux-x86_64-fedora-clang | 5.0 | 578.62 | OK | |||
r-devel-linux-x86_64-fedora-gcc | 5.0 | 558.68 | OK | |||
r-devel-windows-x86_64 | 5.0 | 25.00 | 278.00 | 303.00 | NOTE | |
r-patched-linux-x86_64 | 5.0 | 34.65 | 415.73 | 450.38 | OK | |
r-release-linux-x86_64 | 5.0 | 28.59 | 416.07 | 444.66 | OK | |
r-release-macos-arm64 | 5.0 | 134.00 | OK | |||
r-release-macos-x86_64 | 5.0 | 232.00 | OK | |||
r-release-windows-x86_64 | 5.0 | 24.00 | 285.00 | 309.00 | OK | |
r-oldrel-macos-arm64 | 5.0 | 147.00 | OK | |||
r-oldrel-macos-x86_64 | 5.0 | 549.00 | NOTE | |||
r-oldrel-windows-x86_64 | 5.0 | 36.00 | 365.00 | 401.00 | OK |
Version: 5.0
Check: Rd cross-references
Result: NOTE
Found the following Rd file(s) with Rd \link{} targets missing package
anchors:
lets.presab.Rd: terra, sf
lets.presab.grid.Rd: terra, sf
lets.shFilter.Rd: terra, sf
Please provide package anchors for all Rd \link{} targets not in the
package itself and the base packages.
Flavors: r-devel-linux-x86_64-debian-gcc, r-devel-windows-x86_64
Version: 5.0
Check: installed package size
Result: NOTE
installed size is 5.3Mb
sub-directories of 1Mb or more:
data 2.2Mb
doc 1.5Mb
extdata 1.1Mb
Flavor: r-oldrel-macos-x86_64