Last updated on 2024-07-22 15:57:27 CEST.
Flavor | Version | Tinstall | Tcheck | Ttotal | Status | Flags |
---|---|---|---|---|---|---|
r-devel-linux-x86_64-debian-clang | 1.1.4 | 4.15 | 110.19 | 114.34 | OK | |
r-devel-linux-x86_64-debian-gcc | 1.1.4 | 3.41 | 83.32 | 86.73 | OK | |
r-devel-linux-x86_64-fedora-clang | 1.1.4 | 144.23 | OK | |||
r-devel-linux-x86_64-fedora-gcc | 1.1.4 | 147.64 | OK | |||
r-devel-windows-x86_64 | 1.1.4 | 6.00 | 142.00 | 148.00 | OK | |
r-patched-linux-x86_64 | 1.1.4 | 4.49 | 106.02 | 110.51 | OK | |
r-release-linux-x86_64 | 1.1.4 | 3.57 | 103.56 | 107.13 | OK | |
r-release-macos-arm64 | 1.1.4 | 54.00 | OK | |||
r-release-macos-x86_64 | 1.1.4 | 79.00 | WARN | |||
r-release-windows-x86_64 | 1.1.4 | 6.00 | 140.00 | 146.00 | OK | |
r-oldrel-macos-arm64 | 1.1.4 | 57.00 | OK | |||
r-oldrel-macos-x86_64 | 1.1.4 | 154.00 | OK | |||
r-oldrel-windows-x86_64 | 1.1.4 | 7.00 | 149.00 | 156.00 | OK |
Version: 1.1.4
Check: re-building of vignette outputs
Result: WARN
Error(s) in re-building vignettes:
--- re-building ‘paper.Rnw’ using knitr
Error: processing vignette 'paper.Rnw' failed with diagnostics:
Running 'texi2dvi' on 'paper.tex' failed.
LaTeX errors:
! Undefined control sequence.
l.270 \hlkwd{library}\hldef
{(micompr)}
?
! Emergency stop.
! Emergency stop.
l.270
End of file on the terminal!
! ==> Fatal error occurred, no output PDF file produced!
--- failed re-building ‘paper.Rnw’
--- re-building ‘tolatex-examples.Rnw’ using knitr
Error: processing vignette 'tolatex-examples.Rnw' failed with diagnostics:
Running 'texi2dvi' on 'tolatex-examples.tex' failed.
LaTeX errors:
! Undefined control sequence.
l.83 \hlkwd{library}\hldef
{(micompr)}
?
! Emergency stop.
! Emergency stop.
l.83
End of file on the terminal!
! ==> Fatal error occurred, no output PDF file produced!
--- failed re-building ‘tolatex-examples.Rnw’
SUMMARY: processing the following files failed:
‘paper.Rnw’ ‘tolatex-examples.Rnw’
Error: Vignette re-building failed.
Execution halted
Flavor: r-release-macos-x86_64