Last updated on 2024-07-22 15:57:27 CEST.
Flavor | Version | Tinstall | Tcheck | Ttotal | Status | Flags |
---|---|---|---|---|---|---|
r-devel-linux-x86_64-debian-clang | 0.3.1 | 33.77 | 218.07 | 251.84 | OK | |
r-devel-linux-x86_64-debian-gcc | 0.3.1 | 23.28 | 165.25 | 188.53 | NOTE | |
r-devel-linux-x86_64-fedora-clang | 0.3.1 | 331.66 | OK | |||
r-devel-linux-x86_64-fedora-gcc | 0.3.1 | 318.38 | OK | |||
r-devel-windows-x86_64 | 0.3.1 | 28.00 | 187.00 | 215.00 | NOTE | |
r-patched-linux-x86_64 | 0.3.1 | 39.46 | 209.34 | 248.80 | OK | |
r-release-linux-x86_64 | 0.3.1 | 27.53 | 210.12 | 237.65 | OK | |
r-release-macos-arm64 | 0.3.1 | 114.00 | OK | |||
r-release-macos-x86_64 | 0.3.1 | 178.00 | OK | |||
r-release-windows-x86_64 | 0.3.1 | 34.00 | 176.00 | 210.00 | OK | |
r-oldrel-macos-arm64 | 0.3.1 | 107.00 | OK | |||
r-oldrel-macos-x86_64 | 0.3.1 | 204.00 | OK | |||
r-oldrel-windows-x86_64 | 0.3.1 | 43.00 | 239.00 | 282.00 | OK |
Version: 0.3.1
Check: Rd cross-references
Result: NOTE
Found the following Rd file(s) with Rd \link{} targets missing package
anchors:
rare_curve.Rd: vegan
sample_quadrats.Rd: vegan
sim_sad.Rd: sads
spec_sample.Rd: vegan
Please provide package anchors for all Rd \link{} targets not in the
package itself and the base packages.
Flavors: r-devel-linux-x86_64-debian-gcc, r-devel-windows-x86_64