Last updated on 2024-07-22 15:57:27 CEST.
Flavor | Version | Tinstall | Tcheck | Ttotal | Status | Flags |
---|---|---|---|---|---|---|
r-devel-linux-x86_64-debian-clang | 1.2.2 | 16.16 | 147.10 | 163.26 | NOTE | |
r-devel-linux-x86_64-debian-gcc | 1.2.2 | 13.27 | 108.51 | 121.78 | NOTE | |
r-devel-linux-x86_64-fedora-clang | 1.2.2 | 207.46 | NOTE | |||
r-devel-linux-x86_64-fedora-gcc | 1.2.2 | 192.54 | NOTE | |||
r-devel-windows-x86_64 | 1.2.2 | 14.00 | 119.00 | 133.00 | NOTE | |
r-patched-linux-x86_64 | 1.2.2 | 18.82 | 134.34 | 153.16 | NOTE | |
r-release-linux-x86_64 | 1.2.2 | 15.98 | 121.05 | 137.03 | NOTE | |
r-release-macos-arm64 | 1.2.2 | 87.00 | NOTE | |||
r-release-macos-x86_64 | 1.2.2 | 89.00 | NOTE | |||
r-release-windows-x86_64 | 1.2.2 | 13.00 | 117.00 | 130.00 | NOTE | |
r-oldrel-macos-arm64 | 1.2.2 | 59.00 | OK | |||
r-oldrel-macos-x86_64 | 1.2.2 | 96.00 | OK | |||
r-oldrel-windows-x86_64 | 1.2.2 | 18.00 | 143.00 | 161.00 | OK |
Version: 1.2.2
Check: Rd files
Result: NOTE
checkRd: (-1) PPCA.Rd:35: Lost braces
35 | Returns an object of class 'pcaRes.' See documentation in the package code{\link[pcaMethods:pcaMethods]{ pcaMethods}}
| ^
Flavors: r-devel-linux-x86_64-debian-clang, r-devel-linux-x86_64-debian-gcc, r-devel-linux-x86_64-fedora-clang, r-devel-linux-x86_64-fedora-gcc, r-devel-windows-x86_64, r-patched-linux-x86_64, r-release-linux-x86_64, r-release-macos-arm64, r-release-macos-x86_64, r-release-windows-x86_64
Version: 1.2.2
Check: Rd cross-references
Result: NOTE
Found the following Rd file(s) with Rd \link{} targets missing package
anchors:
Loadings.Rd: pca, lda
PPCA.Rd: pca
completeData.Rd: pca
ldaPlot.Rd: lda
Please provide package anchors for all Rd \link{} targets not in the
package itself and the base packages.
Flavors: r-devel-linux-x86_64-debian-gcc, r-devel-windows-x86_64